Last updated on 2024-07-27 15:50:31 CEST.
Flavor | Version | Tinstall | Tcheck | Ttotal | Status | Flags |
---|---|---|---|---|---|---|
r-devel-linux-x86_64-debian-clang | 0.1.6 | 6.45 | 84.38 | 90.83 | OK | |
r-devel-linux-x86_64-debian-gcc | 0.1.6 | OK | ||||
r-devel-linux-x86_64-fedora-clang | 0.1.6 | 117.26 | NOTE | |||
r-devel-linux-x86_64-fedora-gcc | 0.1.6 | 123.79 | NOTE | |||
r-devel-windows-x86_64 | 0.1.6 | 8.00 | 83.00 | 91.00 | OK | |
r-patched-linux-x86_64 | 0.1.6 | OK | ||||
r-release-linux-x86_64 | 0.1.6 | 3.56 | 80.63 | 84.19 | OK | |
r-release-macos-arm64 | 0.1.6 | 42.00 | OK | |||
r-release-macos-x86_64 | 0.1.6 | 59.00 | OK | |||
r-release-windows-x86_64 | 0.1.6 | 5.00 | 81.00 | 86.00 | OK | |
r-oldrel-macos-arm64 | 0.1.6 | 42.00 | OK | |||
r-oldrel-macos-x86_64 | 0.1.6 | 71.00 | OK | |||
r-oldrel-windows-x86_64 | 0.1.6 | 9.00 | 96.00 | 105.00 | OK |
Version: 0.1.6
Check: dependencies in R code
Result: NOTE
Namespace in Imports field not imported from: ‘tidyr’
All declared Imports should be used.
Flavors: r-devel-linux-x86_64-fedora-clang, r-devel-linux-x86_64-fedora-gcc
These binaries (installable software) and packages are in development.
They may not be fully stable and should be used with caution. We make no claims about them.