CRAN Package Check Results for Package RgoogleMaps

Last updated on 2025-02-23 13:51:23 CET.

Flavor Version Tinstall Tcheck Ttotal Status Flags
r-devel-linux-x86_64-debian-clang 1.5.1 3.57 34.07 37.64 NOTE
r-devel-linux-x86_64-debian-gcc 1.5.1 3.32 25.39 28.71 NOTE
r-devel-linux-x86_64-fedora-clang 1.5.1 62.09 OK
r-devel-linux-x86_64-fedora-gcc 1.5.1 58.86 OK
r-devel-macos-arm64 1.5.1 20.00 OK
r-devel-macos-x86_64 1.5.1 38.00 OK
r-devel-windows-x86_64 1.5.1 5.00 67.00 72.00 NOTE
r-patched-linux-x86_64 1.5.1 4.94 32.17 37.11 OK
r-release-linux-x86_64 1.5.1 2.61 32.14 34.75 OK
r-release-macos-arm64 1.5.1 30.00 OK
r-release-macos-x86_64 1.5.1 42.00 OK
r-release-windows-x86_64 1.5.1 6.00 58.00 64.00 OK
r-oldrel-macos-arm64 1.5.1 24.00 OK
r-oldrel-macos-x86_64 1.5.1 73.00 OK
r-oldrel-windows-x86_64 1.5.1 4.00 65.00 69.00 OK

Check Details

Version: 1.5.1
Check: Rd cross-references
Result: NOTE Found the following Rd file(s) with Rd \link{} targets missing package anchors: ReadMapTile.Rd: readPNG Please provide package anchors for all Rd \link{} targets not in the package itself and the base packages. Flavors: r-devel-linux-x86_64-debian-clang, r-devel-linux-x86_64-debian-gcc, r-devel-windows-x86_64

These binaries (installable software) and packages are in development.
They may not be fully stable and should be used with caution. We make no claims about them.