Last updated on 2025-05-01 08:52:44 CEST.
Flavor | Version | Tinstall | Tcheck | Ttotal | Status | Flags |
---|---|---|---|---|---|---|
r-devel-linux-x86_64-debian-clang | 0.2.5 | 36.28 | 28.25 | 64.53 | NOTE | |
r-devel-linux-x86_64-debian-gcc | 0.2.5 | 29.37 | 22.36 | 51.73 | NOTE | |
r-devel-linux-x86_64-fedora-clang | 0.2.5 | 108.42 | NOTE | |||
r-devel-linux-x86_64-fedora-gcc | 0.2.5 | 118.47 | NOTE | |||
r-devel-windows-x86_64 | 0.2.5 | 43.00 | 74.00 | 117.00 | NOTE | |
r-patched-linux-x86_64 | 0.2.5 | 41.91 | 26.25 | 68.16 | NOTE | |
r-release-linux-x86_64 | NOTE | |||||
r-release-macos-arm64 | 0.2.5 | 35.00 | NOTE | |||
r-release-macos-x86_64 | 0.2.5 | 63.00 | NOTE | |||
r-release-windows-x86_64 | 0.2.5 | 43.00 | 78.00 | 121.00 | NOTE | |
r-oldrel-macos-arm64 | 0.2.5 | 33.00 | NOTE | |||
r-oldrel-macos-x86_64 | 0.2.5 | 53.00 | NOTE | |||
r-oldrel-windows-x86_64 | 0.2.5 | 50.00 | 83.00 | 133.00 | NOTE |
Version: 0.2.5
Check: C++ specification
Result: NOTE
Specified C++11: please drop specification unless essential
Flavors: r-devel-linux-x86_64-debian-clang, r-devel-linux-x86_64-debian-gcc, r-devel-linux-x86_64-fedora-clang, r-devel-linux-x86_64-fedora-gcc, r-devel-windows-x86_64, r-patched-linux-x86_64, r-release-linux-x86_64, r-release-macos-arm64, r-release-macos-x86_64, r-release-windows-x86_64, r-oldrel-macos-arm64, r-oldrel-macos-x86_64, r-oldrel-windows-x86_64
Version: 0.2.5
Check: installed package size
Result: NOTE
installed size is 5.5Mb
sub-directories of 1Mb or more:
libs 5.3Mb
Flavors: r-oldrel-macos-arm64, r-oldrel-macos-x86_64
These binaries (installable software) and packages are in development.
They may not be fully stable and should be used with caution. We make no claims about them.