Last updated on 2025-02-16 10:50:56 CET.
Flavor | Version | Tinstall | Tcheck | Ttotal | Status | Flags |
---|---|---|---|---|---|---|
r-devel-linux-x86_64-debian-clang | 0.2.5 | 37.22 | 26.85 | 64.07 | NOTE | |
r-devel-linux-x86_64-debian-gcc | 0.2.5 | 27.32 | 20.52 | 47.84 | NOTE | |
r-devel-linux-x86_64-fedora-clang | 0.2.5 | 113.37 | NOTE | |||
r-devel-linux-x86_64-fedora-gcc | 0.2.5 | 128.01 | NOTE | |||
r-devel-macos-arm64 | 0.2.5 | 31.00 | NOTE | |||
r-devel-macos-x86_64 | 0.2.5 | 61.00 | NOTE | |||
r-devel-windows-x86_64 | 0.2.5 | 41.00 | 73.00 | 114.00 | NOTE | |
r-patched-linux-x86_64 | 0.2.5 | 39.83 | 25.29 | 65.12 | NOTE | |
r-release-linux-x86_64 | 0.2.5 | 39.76 | 25.51 | 65.27 | NOTE | |
r-release-macos-arm64 | 0.2.5 | 33.00 | NOTE | |||
r-release-macos-x86_64 | 0.2.5 | 53.00 | NOTE | |||
r-release-windows-x86_64 | 0.2.5 | 40.00 | 83.00 | 123.00 | NOTE | |
r-oldrel-macos-arm64 | 0.2.5 | 36.00 | NOTE | |||
r-oldrel-macos-x86_64 | 0.2.5 | 59.00 | NOTE | |||
r-oldrel-windows-x86_64 | 0.2.5 | 45.00 | 29.00 | 74.00 | ERROR |
Version: 0.2.5
Check: C++ specification
Result: NOTE
Specified C++11: please drop specification unless essential
Flavors: r-devel-linux-x86_64-debian-clang, r-devel-linux-x86_64-debian-gcc, r-devel-linux-x86_64-fedora-clang, r-devel-linux-x86_64-fedora-gcc, r-devel-macos-arm64, r-devel-macos-x86_64, r-devel-windows-x86_64, r-patched-linux-x86_64, r-release-linux-x86_64, r-release-macos-arm64, r-release-macos-x86_64, r-release-windows-x86_64, r-oldrel-macos-arm64, r-oldrel-macos-x86_64
Version: 0.2.5
Check: installed package size
Result: NOTE
installed size is 5.5Mb
sub-directories of 1Mb or more:
libs 5.3Mb
Flavors: r-release-macos-arm64, r-release-macos-x86_64, r-oldrel-macos-arm64, r-oldrel-macos-x86_64
Version: 0.2.5
Check: whether package can be installed
Result: ERROR
Installation failed.
Flavor: r-oldrel-windows-x86_64
These binaries (installable software) and packages are in development.
They may not be fully stable and should be used with caution. We make no claims about them.