Last updated on 2025-02-16 10:50:56 CET.
Flavor | Version | Tinstall | Tcheck | Ttotal | Status | Flags |
---|---|---|---|---|---|---|
r-devel-linux-x86_64-debian-clang | 1.0.2 | 6.22 | 59.81 | 66.03 | NOTE | |
r-devel-linux-x86_64-debian-gcc | 1.0.2 | 4.54 | 44.06 | 48.60 | NOTE | |
r-devel-linux-x86_64-fedora-clang | 1.0.2 | 110.57 | NOTE | |||
r-devel-linux-x86_64-fedora-gcc | 1.0.2 | 117.54 | NOTE | |||
r-devel-macos-arm64 | 1.0.2 | 38.00 | NOTE | |||
r-devel-macos-x86_64 | 1.0.2 | 74.00 | NOTE | |||
r-devel-windows-x86_64 | 1.0.2 | 9.00 | 74.00 | 83.00 | NOTE | |
r-patched-linux-x86_64 | 1.0.2 | 5.75 | 55.38 | 61.13 | NOTE | |
r-release-linux-x86_64 | 1.0.2 | 6.67 | 55.01 | 61.68 | NOTE | |
r-release-macos-arm64 | 1.0.2 | 39.00 | NOTE | |||
r-release-macos-x86_64 | 1.0.2 | 57.00 | NOTE | |||
r-release-windows-x86_64 | 1.0.2 | 8.00 | 76.00 | 84.00 | NOTE | |
r-oldrel-macos-arm64 | 1.0.2 | 38.00 | OK | |||
r-oldrel-macos-x86_64 | 1.0.2 | 56.00 | OK | |||
r-oldrel-windows-x86_64 | 1.0.2 | 10.00 | 89.00 | 99.00 | OK |
Version: 1.0.2
Check: Rd files
Result: NOTE
checkRd: (-1) iex.chart.Rd:23: Lost braces; missing escapes or markup?
23 | r takes only of of the values accepted IN API request. {"5y", "2y", "1y", "ytd", "6m", "3m", "1m", "1d"}
| ^
Flavors: r-devel-linux-x86_64-debian-clang, r-devel-linux-x86_64-debian-gcc, r-devel-linux-x86_64-fedora-clang, r-devel-linux-x86_64-fedora-gcc, r-devel-macos-arm64, r-devel-macos-x86_64, r-devel-windows-x86_64, r-patched-linux-x86_64, r-release-linux-x86_64, r-release-macos-arm64, r-release-macos-x86_64, r-release-windows-x86_64
These binaries (installable software) and packages are in development.
They may not be fully stable and should be used with caution. We make no claims about them.