Last updated on 2025-11-11 15:50:45 CET.
| Flavor | Version | Tinstall | Tcheck | Ttotal | Status | Flags |
|---|---|---|---|---|---|---|
| r-devel-linux-x86_64-debian-clang | 1.0.2 | 8.31 | 82.14 | 90.45 | NOTE | |
| r-devel-linux-x86_64-debian-gcc | 1.0.2 | 6.17 | 57.50 | 63.67 | NOTE | |
| r-devel-linux-x86_64-fedora-clang | 1.0.2 | 18.00 | 115.22 | 133.22 | NOTE | |
| r-devel-linux-x86_64-fedora-gcc | 1.0.2 | 18.00 | 120.86 | 138.86 | NOTE | |
| r-devel-windows-x86_64 | 1.0.2 | 11.00 | 88.00 | 99.00 | NOTE | |
| r-patched-linux-x86_64 | 1.0.2 | 8.19 | 72.34 | 80.53 | NOTE | |
| r-release-linux-x86_64 | 1.0.2 | 8.43 | 71.82 | 80.25 | NOTE | |
| r-release-macos-arm64 | 1.0.2 | 3.00 | 35.00 | 38.00 | NOTE | |
| r-release-macos-x86_64 | 1.0.2 | 6.00 | 68.00 | 74.00 | NOTE | |
| r-release-windows-x86_64 | 1.0.2 | 11.00 | 89.00 | 100.00 | NOTE | |
| r-oldrel-macos-arm64 | 1.0.2 | 3.00 | 36.00 | 39.00 | NOTE | |
| r-oldrel-macos-x86_64 | 1.0.2 | 5.00 | 52.00 | 57.00 | NOTE | |
| r-oldrel-windows-x86_64 | 1.0.2 | 13.00 | 105.00 | 118.00 | NOTE |
Version: 1.0.2
Check: Rd files
Result: NOTE
checkRd: (-1) iex.chart.Rd:23: Lost braces; missing escapes or markup?
23 | r takes only of of the values accepted IN API request. {"5y", "2y", "1y", "ytd", "6m", "3m", "1m", "1d"}
| ^
Flavors: r-devel-linux-x86_64-debian-clang, r-devel-linux-x86_64-debian-gcc, r-devel-linux-x86_64-fedora-clang, r-devel-linux-x86_64-fedora-gcc, r-devel-windows-x86_64, r-patched-linux-x86_64, r-release-linux-x86_64, r-release-macos-arm64, r-release-macos-x86_64, r-release-windows-x86_64, r-oldrel-macos-arm64, r-oldrel-macos-x86_64, r-oldrel-windows-x86_64
These binaries (installable software) and packages are in development.
They may not be fully stable and should be used with caution. We make no claims about them.