Last updated on 2025-05-01 14:49:20 CEST.
Flavor | Version | Tinstall | Tcheck | Ttotal | Status | Flags |
---|---|---|---|---|---|---|
r-devel-linux-x86_64-debian-clang | 1.0.2 | 6.74 | 68.09 | 74.83 | NOTE | |
r-devel-linux-x86_64-debian-gcc | 1.0.2 | 4.53 | 50.17 | 54.70 | NOTE | |
r-devel-linux-x86_64-fedora-clang | 1.0.2 | 106.15 | NOTE | |||
r-devel-linux-x86_64-fedora-gcc | 1.0.2 | 113.45 | NOTE | |||
r-devel-windows-x86_64 | 1.0.2 | 9.00 | 78.00 | 87.00 | NOTE | |
r-patched-linux-x86_64 | 1.0.2 | 7.47 | 61.08 | 68.55 | NOTE | |
r-release-linux-x86_64 | NOTE | |||||
r-release-macos-arm64 | 1.0.2 | 38.00 | NOTE | |||
r-release-macos-x86_64 | 1.0.2 | 74.00 | NOTE | |||
r-release-windows-x86_64 | 1.0.2 | 10.00 | 79.00 | 89.00 | NOTE | |
r-oldrel-macos-arm64 | 1.0.2 | 39.00 | NOTE | |||
r-oldrel-macos-x86_64 | 1.0.2 | 57.00 | NOTE | |||
r-oldrel-windows-x86_64 | 1.0.2 | 11.00 | 94.00 | 105.00 | NOTE |
Version: 1.0.2
Check: Rd files
Result: NOTE
checkRd: (-1) iex.chart.Rd:23: Lost braces; missing escapes or markup?
23 | r takes only of of the values accepted IN API request. {"5y", "2y", "1y", "ytd", "6m", "3m", "1m", "1d"}
| ^
Flavors: r-devel-linux-x86_64-debian-clang, r-devel-linux-x86_64-debian-gcc, r-devel-linux-x86_64-fedora-clang, r-devel-linux-x86_64-fedora-gcc, r-devel-windows-x86_64, r-patched-linux-x86_64, r-release-linux-x86_64, r-release-macos-arm64, r-release-macos-x86_64, r-release-windows-x86_64, r-oldrel-macos-arm64, r-oldrel-macos-x86_64, r-oldrel-windows-x86_64
These binaries (installable software) and packages are in development.
They may not be fully stable and should be used with caution. We make no claims about them.