Last updated on 2025-02-16 10:50:56 CET.
Flavor | Version | Tinstall | Tcheck | Ttotal | Status | Flags |
---|---|---|---|---|---|---|
r-devel-linux-x86_64-debian-clang | 0.1.0 | 34.04 | 255.76 | 289.80 | OK | |
r-devel-linux-x86_64-debian-gcc | 0.1.0 | 19.84 | 164.04 | 183.88 | OK | |
r-devel-linux-x86_64-fedora-clang | 0.1.0 | 485.44 | NOTE | |||
r-devel-linux-x86_64-fedora-gcc | 0.1.0 | 443.43 | NOTE | |||
r-devel-macos-arm64 | 0.1.0 | 97.00 | OK | |||
r-devel-macos-x86_64 | 0.1.0 | 245.00 | OK | |||
r-devel-windows-x86_64 | 0.1.0 | 32.00 | 193.00 | 225.00 | OK | |
r-patched-linux-x86_64 | 0.1.0 | 30.43 | 234.52 | 264.95 | OK | |
r-release-linux-x86_64 | 0.1.0 | 31.03 | 232.49 | 263.52 | OK | |
r-release-macos-arm64 | 0.1.0 | 97.00 | OK | |||
r-release-macos-x86_64 | 0.1.0 | 242.00 | OK | |||
r-release-windows-x86_64 | 0.1.0 | 30.00 | 187.00 | 217.00 | OK | |
r-oldrel-macos-arm64 | 0.1.0 | 106.00 | OK | |||
r-oldrel-macos-x86_64 | 0.1.0 | 233.00 | OK | |||
r-oldrel-windows-x86_64 | 0.1.0 | 42.00 | 278.00 | 320.00 | OK |
Version: 0.1.0
Check: dependencies in R code
Result: NOTE
Namespace in Imports field not imported from: ‘maxLik’
All declared Imports should be used.
Flavors: r-devel-linux-x86_64-fedora-clang, r-devel-linux-x86_64-fedora-gcc
These binaries (installable software) and packages are in development.
They may not be fully stable and should be used with caution. We make no claims about them.