Last updated on 2025-07-02 01:51:48 CEST.
Flavor | Version | Tinstall | Tcheck | Ttotal | Status | Flags |
---|---|---|---|---|---|---|
r-devel-linux-x86_64-debian-clang | 0.1.0 | 36.07 | 270.34 | 306.41 | OK | |
r-devel-linux-x86_64-debian-gcc | 0.1.0 | 22.31 | 163.12 | 185.43 | OK | |
r-devel-linux-x86_64-fedora-clang | 0.1.0 | 479.51 | NOTE | |||
r-devel-linux-x86_64-fedora-gcc | 0.1.0 | 455.29 | NOTE | |||
r-devel-windows-x86_64 | 0.1.0 | 31.00 | 195.00 | 226.00 | OK | |
r-patched-linux-x86_64 | OK | |||||
r-release-linux-x86_64 | 0.1.0 | 33.31 | 245.59 | 278.90 | OK | |
r-release-macos-arm64 | 0.1.0 | 97.00 | OK | |||
r-release-macos-x86_64 | 0.1.0 | 221.00 | OK | |||
r-release-windows-x86_64 | 0.1.0 | 32.00 | 199.00 | 231.00 | OK | |
r-oldrel-macos-arm64 | 0.1.0 | 97.00 | OK | |||
r-oldrel-macos-x86_64 | 0.1.0 | 242.00 | OK | |||
r-oldrel-windows-x86_64 | 0.1.0 | 44.00 | 277.00 | 321.00 | OK |
Version: 0.1.0
Check: dependencies in R code
Result: NOTE
Namespace in Imports field not imported from: ‘maxLik’
All declared Imports should be used.
Flavors: r-devel-linux-x86_64-fedora-clang, r-devel-linux-x86_64-fedora-gcc
These binaries (installable software) and packages are in development.
They may not be fully stable and should be used with caution. We make no claims about them.