Last updated on 2025-05-08 04:52:16 CEST.
Flavor | Version | Tinstall | Tcheck | Ttotal | Status | Flags |
---|---|---|---|---|---|---|
r-devel-linux-x86_64-debian-clang | 2.1.7 | 2.85 | 36.10 | 38.95 | NOTE | |
r-devel-linux-x86_64-debian-gcc | 2.1.7 | 1.97 | 25.64 | 27.61 | NOTE | |
r-devel-linux-x86_64-fedora-clang | 2.1.7 | 62.76 | NOTE | |||
r-devel-linux-x86_64-fedora-gcc | 2.1.7 | 58.36 | NOTE | |||
r-devel-windows-x86_64 | 2.1.7 | 3.00 | 52.00 | 55.00 | OK | |
r-patched-linux-x86_64 | 2.1.7 | 2.86 | 34.18 | 37.04 | OK | |
r-release-linux-x86_64 | 2.1.7 | 2.65 | 33.30 | 35.95 | OK | |
r-release-macos-arm64 | 2.1.7 | 20.00 | OK | |||
r-release-macos-x86_64 | 2.1.7 | 39.00 | OK | |||
r-release-windows-x86_64 | 2.1.7 | 5.00 | 54.00 | 59.00 | OK | |
r-oldrel-macos-arm64 | 2.1.7 | 21.00 | OK | |||
r-oldrel-macos-x86_64 | 2.1.7 | 34.00 | OK | |||
r-oldrel-windows-x86_64 | 2.1.7 | 3.00 | 62.00 | 65.00 | OK |
Version: 2.1.7
Check: CRAN incoming feasibility
Result: NOTE
Maintainer: ‘David Ardia <david.ardia.ch@gmail.com>’
Package CITATION file contains call(s) to old-style personList() or
as.personList(). Please use c() on person objects instead.
Package CITATION file contains call(s) to old-style citEntry(). Please
use bibentry() instead.
Flavors: r-devel-linux-x86_64-debian-clang, r-devel-linux-x86_64-debian-gcc
Version: 2.1.7
Check: dependencies in R code
Result: NOTE
Namespace in Imports field not imported from: ‘MASS’
All declared Imports should be used.
Flavors: r-devel-linux-x86_64-fedora-clang, r-devel-linux-x86_64-fedora-gcc
These binaries (installable software) and packages are in development.
They may not be fully stable and should be used with caution. We make no claims about them.