Last updated on 2025-11-16 05:48:49 CET.
| Flavor | Version | Tinstall | Tcheck | Ttotal | Status | Flags |
|---|---|---|---|---|---|---|
| r-devel-linux-x86_64-debian-clang | 2.1.7 | 2.77 | 37.33 | 40.10 | NOTE | |
| r-devel-linux-x86_64-debian-gcc | 2.1.7 | 2.02 | 27.42 | 29.44 | NOTE | |
| r-devel-linux-x86_64-fedora-clang | 2.1.7 | 62.13 | NOTE | |||
| r-devel-linux-x86_64-fedora-gcc | 2.1.7 | 59.31 | NOTE | |||
| r-devel-windows-x86_64 | 2.1.7 | 6.00 | 51.00 | 57.00 | OK | |
| r-patched-linux-x86_64 | 2.1.7 | 2.79 | 34.42 | 37.21 | OK | |
| r-release-linux-x86_64 | 2.1.7 | 2.72 | 35.23 | 37.95 | OK | |
| r-release-macos-arm64 | 2.1.7 | 1.00 | 19.00 | 20.00 | OK | |
| r-release-macos-x86_64 | 2.1.7 | 3.00 | 36.00 | 39.00 | OK | |
| r-release-windows-x86_64 | 2.1.7 | 5.00 | 52.00 | 57.00 | OK | |
| r-oldrel-macos-arm64 | 2.1.7 | 1.00 | 20.00 | 21.00 | OK | |
| r-oldrel-macos-x86_64 | 2.1.7 | 2.00 | 32.00 | 34.00 | OK | |
| r-oldrel-windows-x86_64 | 2.1.7 | 5.00 | 62.00 | 67.00 | OK |
Version: 2.1.7
Check: CRAN incoming feasibility
Result: NOTE
Maintainer: ‘David Ardia <david.ardia.ch@gmail.com>’
Package CITATION file contains call(s) to old-style personList() or
as.personList(). Please use c() on person objects instead.
Package CITATION file contains call(s) to old-style citEntry(). Please
use bibentry() instead.
Flavors: r-devel-linux-x86_64-debian-clang, r-devel-linux-x86_64-debian-gcc
Version: 2.1.7
Check: dependencies in R code
Result: NOTE
Namespace in Imports field not imported from: ‘MASS’
All declared Imports should be used.
Flavors: r-devel-linux-x86_64-fedora-clang, r-devel-linux-x86_64-fedora-gcc
These binaries (installable software) and packages are in development.
They may not be fully stable and should be used with caution. We make no claims about them.