Last updated on 2025-02-16 10:50:56 CET.
Flavor | Version | Tinstall | Tcheck | Ttotal | Status | Flags |
---|---|---|---|---|---|---|
r-devel-linux-x86_64-debian-clang | 2.1.7 | 2.78 | 34.82 | 37.60 | OK | |
r-devel-linux-x86_64-debian-gcc | 2.1.7 | 2.02 | 24.16 | 26.18 | OK | |
r-devel-linux-x86_64-fedora-clang | 2.1.7 | 65.33 | NOTE | |||
r-devel-linux-x86_64-fedora-gcc | 2.1.7 | 60.95 | NOTE | |||
r-devel-macos-arm64 | 2.1.7 | 19.00 | OK | |||
r-devel-macos-x86_64 | 2.1.7 | 40.00 | OK | |||
r-devel-windows-x86_64 | 2.1.7 | 4.00 | 54.00 | 58.00 | OK | |
r-patched-linux-x86_64 | 2.1.7 | 2.97 | 33.18 | 36.15 | OK | |
r-release-linux-x86_64 | 2.1.7 | 2.56 | 33.10 | 35.66 | OK | |
r-release-macos-arm64 | 2.1.7 | 21.00 | OK | |||
r-release-macos-x86_64 | 2.1.7 | 34.00 | OK | |||
r-release-windows-x86_64 | 2.1.7 | 3.00 | 56.00 | 59.00 | OK | |
r-oldrel-macos-arm64 | 2.1.7 | 27.00 | OK | |||
r-oldrel-macos-x86_64 | 2.1.7 | 30.00 | OK | |||
r-oldrel-windows-x86_64 | 2.1.7 | 5.00 | 65.00 | 70.00 | OK |
Version: 2.1.7
Check: dependencies in R code
Result: NOTE
Namespace in Imports field not imported from: ‘MASS’
All declared Imports should be used.
Flavors: r-devel-linux-x86_64-fedora-clang, r-devel-linux-x86_64-fedora-gcc
These binaries (installable software) and packages are in development.
They may not be fully stable and should be used with caution. We make no claims about them.