CRAN Package Check Results for Package RiskPortfolios

Last updated on 2025-10-04 11:50:47 CEST.

Flavor Version Tinstall Tcheck Ttotal Status Flags
r-devel-linux-x86_64-debian-clang 2.1.7 2.60 37.52 40.12 NOTE
r-devel-linux-x86_64-debian-gcc 2.1.7 2.00 26.23 28.23 NOTE
r-devel-linux-x86_64-fedora-clang 2.1.7 69.44 NOTE
r-devel-linux-x86_64-fedora-gcc 2.1.7 58.21 NOTE
r-devel-windows-x86_64 2.1.7 5.00 60.00 65.00 OK
r-patched-linux-x86_64 2.1.7 2.75 34.83 37.58 OK
r-release-linux-x86_64 2.1.7 2.63 34.81 37.44 OK
r-release-macos-arm64 2.1.7 20.00 OK
r-release-macos-x86_64 2.1.7 39.00 OK
r-release-windows-x86_64 2.1.7 4.00 54.00 58.00 OK
r-oldrel-macos-arm64 2.1.7 21.00 OK
r-oldrel-macos-x86_64 2.1.7 34.00 OK
r-oldrel-windows-x86_64 2.1.7 5.00 66.00 71.00 OK

Check Details

Version: 2.1.7
Check: CRAN incoming feasibility
Result: NOTE Maintainer: ‘David Ardia <david.ardia.ch@gmail.com>’ Package CITATION file contains call(s) to old-style personList() or as.personList(). Please use c() on person objects instead. Package CITATION file contains call(s) to old-style citEntry(). Please use bibentry() instead. Flavors: r-devel-linux-x86_64-debian-clang, r-devel-linux-x86_64-debian-gcc

Version: 2.1.7
Check: dependencies in R code
Result: NOTE Namespace in Imports field not imported from: ‘MASS’ All declared Imports should be used. Flavors: r-devel-linux-x86_64-fedora-clang, r-devel-linux-x86_64-fedora-gcc

These binaries (installable software) and packages are in development.
They may not be fully stable and should be used with caution. We make no claims about them.