Last updated on 2025-02-02 14:48:33 CET.
Flavor | Version | Tinstall | Tcheck | Ttotal | Status | Flags |
---|---|---|---|---|---|---|
r-devel-linux-x86_64-debian-clang | 0.2.0 | 6.89 | 64.25 | 71.14 | NOTE | |
r-devel-linux-x86_64-debian-gcc | 0.2.0 | 4.01 | 41.98 | 45.99 | NOTE | |
r-devel-linux-x86_64-fedora-clang | 0.2.0 | 120.61 | NOTE | |||
r-devel-linux-x86_64-fedora-gcc | 0.2.0 | 127.01 | NOTE | |||
r-devel-windows-x86_64 | 0.2.0 | 7.00 | 79.00 | 86.00 | NOTE | |
r-patched-linux-x86_64 | 0.2.0 | 6.73 | 59.41 | 66.14 | OK | |
r-release-linux-x86_64 | 0.2.0 | 5.59 | 60.11 | 65.70 | OK | |
r-release-macos-arm64 | 0.2.0 | 39.00 | OK | |||
r-release-macos-x86_64 | 0.2.0 | 92.00 | OK | |||
r-release-windows-x86_64 | 0.2.0 | 8.00 | 79.00 | 87.00 | OK | |
r-oldrel-macos-arm64 | 0.2.0 | 47.00 | OK | |||
r-oldrel-macos-x86_64 | 0.2.0 | 80.00 | OK | |||
r-oldrel-windows-x86_64 | 0.2.0 | 8.00 | 88.00 | 96.00 | OK |
Version: 0.2.0
Check: DESCRIPTION meta-information
Result: NOTE
Missing dependency on R >= 4.1.0 because package code uses the pipe
|> or function shorthand \(...) syntax added in R 4.1.0.
File(s) using such syntax:
‘15_SCORE2-Diabetes_func.R’
Flavors: r-devel-linux-x86_64-debian-clang, r-devel-linux-x86_64-debian-gcc, r-devel-linux-x86_64-fedora-clang, r-devel-linux-x86_64-fedora-gcc, r-devel-windows-x86_64
These binaries (installable software) and packages are in development.
They may not be fully stable and should be used with caution. We make no claims about them.