Last updated on 2025-11-02 01:48:47 CET.
| Flavor | Version | Tinstall | Tcheck | Ttotal | Status | Flags |
|---|---|---|---|---|---|---|
| r-devel-linux-x86_64-debian-clang | 1.2.0 | 2.88 | 30.77 | 33.65 | OK | |
| r-devel-linux-x86_64-debian-gcc | 1.2.0 | 2.02 | 23.17 | 25.19 | OK | |
| r-devel-linux-x86_64-fedora-clang | 1.2.0 | 50.59 | NOTE | |||
| r-devel-linux-x86_64-fedora-gcc | 1.2.0 | 48.85 | NOTE | |||
| r-devel-windows-x86_64 | 1.2.0 | 4.00 | 48.00 | 52.00 | OK | |
| r-patched-linux-x86_64 | 1.2.0 | 3.05 | 29.13 | 32.18 | OK | |
| r-release-linux-x86_64 | 1.2.0 | 2.76 | 28.66 | 31.42 | OK | |
| r-release-macos-arm64 | 1.2.0 | 1.00 | 18.00 | 19.00 | OK | |
| r-release-macos-x86_64 | 1.2.0 | 3.00 | 30.00 | 33.00 | OK | |
| r-release-windows-x86_64 | 1.2.0 | 4.00 | 48.00 | 52.00 | OK | |
| r-oldrel-macos-arm64 | 1.2.0 | 1.00 | 16.00 | 17.00 | OK | |
| r-oldrel-macos-x86_64 | 1.2.0 | 3.00 | 25.00 | 28.00 | OK | |
| r-oldrel-windows-x86_64 | 1.2.0 | 5.00 | 63.00 | 68.00 | OK |
Version: 1.2.0
Check: dependencies in R code
Result: NOTE
Namespace in Imports field not imported from: ‘base’
All declared Imports should be used.
Flavors: r-devel-linux-x86_64-fedora-clang, r-devel-linux-x86_64-fedora-gcc
These binaries (installable software) and packages are in development.
They may not be fully stable and should be used with caution. We make no claims about them.