Last updated on 2025-05-01 15:49:42 CEST.
Flavor | Version | Tinstall | Tcheck | Ttotal | Status | Flags |
---|---|---|---|---|---|---|
r-devel-linux-x86_64-debian-clang | 0.9.1 | 1.98 | 25.33 | 27.31 | NOTE | |
r-devel-linux-x86_64-debian-gcc | 0.9.1 | 1.46 | 19.45 | 20.91 | NOTE | |
r-devel-linux-x86_64-fedora-clang | 0.9.1 | 41.55 | NOTE | |||
r-devel-linux-x86_64-fedora-gcc | 0.9.1 | 39.86 | NOTE | |||
r-devel-windows-x86_64 | 0.9.1 | 4.00 | 50.00 | 54.00 | NOTE | |
r-patched-linux-x86_64 | 0.9.1 | 1.99 | 23.70 | 25.69 | NOTE | |
r-release-linux-x86_64 | NOTE | |||||
r-release-macos-arm64 | 0.9.1 | 17.00 | NOTE | |||
r-release-macos-x86_64 | 0.9.1 | 30.00 | NOTE | |||
r-release-windows-x86_64 | 0.9.1 | 3.00 | 53.00 | 56.00 | NOTE | |
r-oldrel-macos-arm64 | 0.9.1 | 15.00 | NOTE | |||
r-oldrel-macos-x86_64 | 0.9.1 | 24.00 | NOTE | |||
r-oldrel-windows-x86_64 | 0.9.1 | 4.00 | 50.00 | 54.00 | NOTE |
Version: 0.9.1
Check: CRAN incoming feasibility
Result: NOTE
Maintainer: ‘Aleksander Mendyk <mfmendyk@cyf-kr.edu.pl>’
No Authors@R field in DESCRIPTION.
Please add one, modifying
Authors@R: c(person(given = "Aleksander",
family = "Mendyk",
role = c("aut", "cre"),
email = "mfmendyk@cyf-kr.edu.pl"),
person(given = c("with", "contributions", "from", "Sebastian"),
family = "Polak.",
role = "aut",
email = "mfpolak@@cyf-kr.edu.pl"))
as necessary.
Flavors: r-devel-linux-x86_64-debian-clang, r-devel-linux-x86_64-debian-gcc
Version: 0.9.1
Check: Rd files
Result: NOTE
checkRd: (-1) RivivcA.Rd:7: Lost braces
7 | This is the major function to be called where numerical convolution ad/or deconvolution might be used for a linear in vitro in vivo correlation level A. It performes either numerical convolution via /code{NumConv()} or deconvolution via /code{NumDeconv()} and correlates their results with the known.data object via linear regression \code{lm()}. If you just want raw results of convolution/deconvolution then call explicitely \code{\link{NumConv}} or \code{link{NumDeconv}}
| ^
checkRd: (-1) RivivcA.Rd:7: Lost braces
7 | This is the major function to be called where numerical convolution ad/or deconvolution might be used for a linear in vitro in vivo correlation level A. It performes either numerical convolution via /code{NumConv()} or deconvolution via /code{NumDeconv()} and correlates their results with the known.data object via linear regression \code{lm()}. If you just want raw results of convolution/deconvolution then call explicitely \code{\link{NumConv}} or \code{link{NumDeconv}}
| ^
Flavors: r-devel-linux-x86_64-debian-clang, r-devel-linux-x86_64-debian-gcc, r-devel-linux-x86_64-fedora-clang, r-devel-linux-x86_64-fedora-gcc, r-devel-windows-x86_64, r-patched-linux-x86_64, r-release-linux-x86_64, r-release-macos-arm64, r-release-macos-x86_64, r-release-windows-x86_64, r-oldrel-macos-arm64, r-oldrel-macos-x86_64, r-oldrel-windows-x86_64
These binaries (installable software) and packages are in development.
They may not be fully stable and should be used with caution. We make no claims about them.