CRAN Package Check Results for Package RkMetrics

Last updated on 2025-11-11 15:50:45 CET.

Flavor Version Tinstall Tcheck Ttotal Status Flags
r-devel-linux-x86_64-debian-clang 1.3 1.86 20.49 22.35 NOTE
r-devel-linux-x86_64-debian-gcc 1.3 1.51 16.51 18.02 NOTE
r-devel-linux-x86_64-fedora-clang 1.3 32.63 OK
r-devel-linux-x86_64-fedora-gcc 1.3 30.71 OK
r-devel-windows-x86_64 1.3 3.00 39.00 42.00 OK
r-patched-linux-x86_64 1.3 1.75 19.23 20.98 OK
r-release-linux-x86_64 1.3 1.91 19.19 21.10 OK
r-release-macos-arm64 1.3 1.00 13.00 14.00 OK
r-release-macos-x86_64 1.3 3.00 30.00 33.00 OK
r-release-windows-x86_64 1.3 3.00 35.00 38.00 OK
r-oldrel-macos-arm64 1.3 1.00 12.00 13.00 OK
r-oldrel-macos-x86_64 1.3 2.00 25.00 27.00 OK
r-oldrel-windows-x86_64 1.3 2.00 37.00 39.00 OK

Check Details

Version: 1.3
Check: CRAN incoming feasibility
Result: NOTE Maintainer: ‘Titus K Rotich <rktitus@uoeld.ac.ke>’ No Authors@R field in DESCRIPTION. Please add one, modifying Authors@R: person(given = c("Titus", "K"), family = "Rotich", role = c("aut", "cre"), email = "rktitus@uoeld.ac.ke") as necessary. Flavors: r-devel-linux-x86_64-debian-clang, r-devel-linux-x86_64-debian-gcc

These binaries (installable software) and packages are in development.
They may not be fully stable and should be used with caution. We make no claims about them.