Last updated on 2025-02-16 10:50:56 CET.
Flavor | Version | Tinstall | Tcheck | Ttotal | Status | Flags |
---|---|---|---|---|---|---|
r-devel-linux-x86_64-debian-clang | 4.0 | 3.84 | 50.99 | 54.83 | NOTE | |
r-devel-linux-x86_64-debian-gcc | 4.0 | 2.54 | 39.78 | 42.32 | NOTE | |
r-devel-linux-x86_64-fedora-clang | 4.0 | 91.13 | NOTE | |||
r-devel-linux-x86_64-fedora-gcc | 4.0 | 88.78 | NOTE | |||
r-devel-macos-arm64 | 4.0 | 34.00 | NOTE | |||
r-devel-macos-x86_64 | 4.0 | 70.00 | NOTE | |||
r-devel-windows-x86_64 | 4.0 | 6.00 | 87.00 | 93.00 | NOTE | |
r-patched-linux-x86_64 | 4.0 | 4.44 | 48.51 | 52.95 | NOTE | |
r-release-linux-x86_64 | 4.0 | 2.99 | 49.19 | 52.18 | NOTE | |
r-release-macos-arm64 | 4.0 | 36.00 | NOTE | |||
r-release-macos-x86_64 | 4.0 | 69.00 | NOTE | |||
r-release-windows-x86_64 | 4.0 | 6.00 | 86.00 | 92.00 | NOTE | |
r-oldrel-macos-arm64 | 4.0 | 49.00 | NOTE | |||
r-oldrel-macos-x86_64 | 4.0 | 91.00 | NOTE | |||
r-oldrel-windows-x86_64 | 4.0 | 8.00 | 97.00 | 105.00 | NOTE |
Version: 4.0
Check: Rd files
Result: NOTE
checkRd: (-1) Exponential.Rd:52: Escaped LaTeX specials: \&
checkRd: (-1) Gamma.Rd:80: Escaped LaTeX specials: \&
checkRd: (-1) college.Rd:13: Escaped LaTeX specials: \$
checkRd: (-1) college.Rd:15: Escaped LaTeX specials: \$
Flavors: r-devel-linux-x86_64-debian-clang, r-devel-linux-x86_64-debian-gcc, r-devel-linux-x86_64-fedora-clang, r-devel-linux-x86_64-fedora-gcc, r-devel-macos-arm64, r-devel-macos-x86_64, r-devel-windows-x86_64, r-patched-linux-x86_64, r-release-linux-x86_64, r-release-macos-arm64, r-release-macos-x86_64, r-release-windows-x86_64, r-oldrel-macos-arm64, r-oldrel-macos-x86_64, r-oldrel-windows-x86_64
These binaries (installable software) and packages are in development.
They may not be fully stable and should be used with caution. We make no claims about them.