Last updated on 2025-02-23 13:51:23 CET.
Flavor | Version | Tinstall | Tcheck | Ttotal | Status | Flags |
---|---|---|---|---|---|---|
r-devel-linux-x86_64-debian-clang | 1.1.3 | 2.52 | 19.43 | 21.95 | OK | |
r-devel-linux-x86_64-debian-gcc | 1.1.3 | 1.90 | 15.58 | 17.48 | OK | |
r-devel-linux-x86_64-fedora-clang | 1.1.3 | 35.05 | NOTE | |||
r-devel-linux-x86_64-fedora-gcc | 1.1.3 | 33.72 | NOTE | |||
r-devel-macos-arm64 | 1.1.3 | 18.00 | OK | |||
r-devel-macos-x86_64 | 1.1.3 | 27.00 | OK | |||
r-devel-windows-x86_64 | 1.1.3 | 6.00 | 58.00 | 64.00 | OK | |
r-patched-linux-x86_64 | 1.1.3 | 2.28 | 18.40 | 20.68 | OK | |
r-release-linux-x86_64 | 1.1.3 | 2.47 | 18.67 | 21.14 | OK | |
r-release-macos-arm64 | 1.1.3 | 17.00 | OK | |||
r-release-macos-x86_64 | 1.1.3 | 23.00 | OK | |||
r-release-windows-x86_64 | 1.1.3 | 6.00 | 45.00 | 51.00 | OK | |
r-oldrel-macos-arm64 | 1.1.3 | 18.00 | OK | |||
r-oldrel-macos-x86_64 | 1.1.3 | 20.00 | OK | |||
r-oldrel-windows-x86_64 | 1.1.3 | 6.00 | 46.00 | 52.00 | OK |
Version: 1.1.3
Check: compiled code
Result: NOTE
File ‘Rlof/libs/Rlof.so’:
Found no calls to: ‘R_registerRoutines’, ‘R_useDynamicSymbols’
It is good practice to register native routines and to disable symbol
search.
See ‘Writing portable packages’ in the ‘Writing R Extensions’ manual.
Flavors: r-devel-linux-x86_64-fedora-clang, r-devel-linux-x86_64-fedora-gcc
These binaries (installable software) and packages are in development.
They may not be fully stable and should be used with caution. We make no claims about them.