Last updated on 2025-10-30 23:50:19 CET.
| Flavor | Version | Tinstall | Tcheck | Ttotal | Status | Flags | 
|---|---|---|---|---|---|---|
| r-devel-linux-x86_64-debian-clang | 1.1.3 | 2.29 | 21.73 | 24.02 | NOTE | |
| r-devel-linux-x86_64-debian-gcc | 1.1.3 | 1.79 | 18.10 | 19.89 | NOTE | |
| r-devel-linux-x86_64-fedora-clang | 1.1.3 | 35.03 | NOTE | |||
| r-devel-linux-x86_64-fedora-gcc | 1.1.3 | 33.67 | NOTE | |||
| r-devel-windows-x86_64 | 1.1.3 | 5.00 | 43.00 | 48.00 | OK | |
| r-patched-linux-x86_64 | 1.1.3 | 2.60 | 20.42 | 23.02 | OK | |
| r-release-linux-x86_64 | 1.1.3 | 2.26 | 20.43 | 22.69 | OK | |
| r-release-macos-arm64 | 1.1.3 | 3.00 | 17.00 | 20.00 | OK | |
| r-release-macos-x86_64 | 1.1.3 | 4.00 | 29.00 | 33.00 | OK | |
| r-release-windows-x86_64 | 1.1.3 | 6.00 | 46.00 | 52.00 | OK | |
| r-oldrel-macos-arm64 | 1.1.3 | 2.00 | 15.00 | 17.00 | OK | |
| r-oldrel-macos-x86_64 | 1.1.3 | 3.00 | 20.00 | 23.00 | OK | |
| r-oldrel-windows-x86_64 | 1.1.3 | 6.00 | 57.00 | 63.00 | OK | 
Version: 1.1.3
Check: CRAN incoming feasibility
Result: NOTE
  Maintainer: ‘Yingsong Hu <yingsonghu@hotmail.com>’
  
  No Authors@R field in DESCRIPTION.
  Please add one, modifying
    Authors@R: c(person(given = "Yingsong",
                        family = "Hu",
                        role = c("aut", "cre"),
                        email = "yingsonghu@hotmail.com"),
                 person(given = "Wayne",
                        family = "Murray",
                        role = "aut"),
                 person(given = "Yin",
                        family = "Shan",
                        role = "aut"),
                 person(family = "Australia.",
                        role = "aut"))
  as necessary.
Flavors: r-devel-linux-x86_64-debian-clang, r-devel-linux-x86_64-debian-gcc
Version: 1.1.3
Check: compiled code
Result: NOTE
  File ‘Rlof/libs/Rlof.so’:
    Found no calls to: ‘R_registerRoutines’, ‘R_useDynamicSymbols’
  
  It is good practice to register native routines and to disable symbol
  search.
  
  See ‘Writing portable packages’ in the ‘Writing R Extensions’ manual.
Flavors: r-devel-linux-x86_64-fedora-clang, r-devel-linux-x86_64-fedora-gcc
These binaries (installable software) and packages are in development.
They may not be fully stable and should be used with caution. We make no claims about them.