CRAN Package Check Results for Package Rmalschains

Last updated on 2025-10-03 07:49:54 CEST.

Flavor Version Tinstall Tcheck Ttotal Status Flags
r-devel-linux-x86_64-debian-clang 0.2-10 117.85 26.58 144.43 OK
r-devel-linux-x86_64-debian-gcc 0.2-10 74.22 20.51 94.73 OK
r-devel-linux-x86_64-fedora-clang 0.2-10 379.83 OK
r-devel-linux-x86_64-fedora-gcc 0.2-10 239.06 OK
r-devel-windows-x86_64 0.2-10 149.00 80.00 229.00 OK
r-patched-linux-x86_64 0.2-10 109.96 25.13 135.09 OK
r-release-linux-x86_64 0.2-10 110.09 25.09 135.18 OK
r-release-macos-arm64 0.2-10 61.00 OK
r-release-macos-x86_64 0.2-10 73.00 OK
r-release-windows-x86_64 0.2-10 149.00 80.00 229.00 OK
r-oldrel-macos-arm64 0.2-10 57.00 NOTE
r-oldrel-macos-x86_64 0.2-10 69.00 NOTE
r-oldrel-windows-x86_64 0.2-10 160.00 97.00 257.00 OK

Check Details

Version: 0.2-10
Check: installed package size
Result: NOTE installed size is 8.5Mb sub-directories of 1Mb or more: libs 8.4Mb Flavors: r-oldrel-macos-arm64, r-oldrel-macos-x86_64

These binaries (installable software) and packages are in development.
They may not be fully stable and should be used with caution. We make no claims about them.