Last updated on 2025-05-01 14:49:21 CEST.
Flavor | Version | Tinstall | Tcheck | Ttotal | Status | Flags |
---|---|---|---|---|---|---|
r-devel-linux-x86_64-debian-clang | 0.17.0 | 6.55 | 88.63 | 95.18 | NOTE | |
r-devel-linux-x86_64-debian-gcc | 0.17.0 | 4.75 | 59.91 | 64.66 | NOTE | |
r-devel-linux-x86_64-fedora-clang | 0.17.0 | 138.94 | OK | |||
r-devel-linux-x86_64-fedora-gcc | 0.17.0 | 145.02 | OK | |||
r-devel-windows-x86_64 | 0.17.0 | 9.00 | 91.00 | 100.00 | NOTE | |
r-patched-linux-x86_64 | 0.17.0 | 6.83 | 80.20 | 87.03 | NOTE | |
r-release-linux-x86_64 | NOTE | |||||
r-release-macos-arm64 | 0.17.0 | 43.00 | OK | |||
r-release-macos-x86_64 | 0.17.0 | 90.00 | OK | |||
r-release-windows-x86_64 | 0.17.0 | 9.00 | 95.00 | 104.00 | NOTE | |
r-oldrel-macos-arm64 | 0.17.0 | 45.00 | OK | |||
r-oldrel-macos-x86_64 | 0.17.0 | 170.00 | OK | |||
r-oldrel-windows-x86_64 | 0.17.0 | 12.00 | 120.00 | 132.00 | OK |
Version: 0.17.0
Check: CRAN incoming feasibility
Result: NOTE
Maintainer: ‘Albertus J. Smit <albertus.smit@gmail.com>’
Package CITATION file contains call(s) to old-style personList() or
as.personList(). Please use c() on person objects instead.
Package CITATION file contains call(s) to old-style citEntry(). Please
use bibentry() instead.
Flavors: r-devel-linux-x86_64-debian-clang, r-devel-linux-x86_64-debian-gcc
Version: 0.17.0
Check: Rd cross-references
Result: NOTE
Found the following Rd file(s) with Rd \link{} targets missing package
anchors:
geom_flame.Rd: layer
geom_lolli.Rd: layer
Please provide package anchors for all Rd \link{} targets not in the
package itself and the base packages.
Flavors: r-devel-linux-x86_64-debian-clang, r-devel-linux-x86_64-debian-gcc, r-devel-windows-x86_64, r-patched-linux-x86_64, r-release-linux-x86_64, r-release-windows-x86_64
Version: 0.17.0
Check: examples
Result: NOTE
Examples with CPU (user + system) or elapsed time > 5s
user system elapsed
detect 11.243 0.337 15.141
Flavor: r-devel-linux-x86_64-debian-clang
Version: 0.17.0
Check: examples
Result: NA
user system elapsed
detect 6.372 0.269 7.534
OK
Flavor: r-devel-linux-x86_64-debian-gcc
These binaries (installable software) and packages are in development.
They may not be fully stable and should be used with caution. We make no claims about them.