Last updated on 2025-11-21 07:49:46 CET.
| Flavor | Version | Tinstall | Tcheck | Ttotal | Status | Flags |
|---|---|---|---|---|---|---|
| r-devel-linux-x86_64-debian-clang | 0.1.1 | 13.27 | 107.04 | 120.31 | OK | |
| r-devel-linux-x86_64-debian-gcc | 0.1.1 | 9.61 | 72.45 | 82.06 | OK | |
| r-devel-linux-x86_64-fedora-clang | 0.1.1 | 37.00 | 150.91 | 187.91 | OK | |
| r-devel-linux-x86_64-fedora-gcc | 0.1.1 | 30.00 | 144.99 | 174.99 | OK | |
| r-devel-windows-x86_64 | 0.1.1 | 20.00 | 107.00 | 127.00 | OK | |
| r-patched-linux-x86_64 | 0.1.1 | 14.19 | 97.61 | 111.80 | OK | |
| r-release-linux-x86_64 | 0.1.1 | 12.73 | 97.68 | 110.41 | OK | |
| r-release-macos-arm64 | 0.1.1 | OK | ||||
| r-release-macos-x86_64 | 0.1.1 | 13.00 | 97.00 | 110.00 | OK | |
| r-release-windows-x86_64 | 0.1.1 | 15.00 | 108.00 | 123.00 | OK | |
| r-oldrel-macos-arm64 | 0.1.1 | WARN | ||||
| r-oldrel-macos-x86_64 | 0.1.1 | 12.00 | 99.00 | 111.00 | WARN | |
| r-oldrel-windows-x86_64 | 0.1.1 | 21.00 | 137.00 | 158.00 | WARN |
Version: 0.1.1
Check: Rd cross-references
Result: WARN
Missing link or links in Rd file 'LFD.Rd':
‘plot.H_LFD ’
See section 'Cross-references' in the 'Writing R Extensions' manual.
Flavors: r-oldrel-macos-arm64, r-oldrel-macos-x86_64, r-oldrel-windows-x86_64
These binaries (installable software) and packages are in development.
They may not be fully stable and should be used with caution. We make no claims about them.