Last updated on 2025-02-16 10:50:57 CET.
Flavor | Version | Tinstall | Tcheck | Ttotal | Status | Flags |
---|---|---|---|---|---|---|
r-devel-linux-x86_64-debian-clang | 1.3.5 | 1.91 | 18.06 | 19.97 | NOTE | |
r-devel-linux-x86_64-debian-gcc | 1.3.5 | 1.42 | 14.53 | 15.95 | NOTE | |
r-devel-linux-x86_64-fedora-clang | 1.3.5 | 33.23 | OK | |||
r-devel-linux-x86_64-fedora-gcc | 1.3.5 | 31.05 | OK | |||
r-devel-macos-arm64 | 1.3.5 | 15.00 | OK | |||
r-devel-macos-x86_64 | 1.3.5 | 30.00 | OK | |||
r-devel-windows-x86_64 | 1.3.5 | 3.00 | 53.00 | 56.00 | OK | |
r-patched-linux-x86_64 | 1.3.5 | 1.86 | 17.32 | 19.18 | NOTE | |
r-release-linux-x86_64 | 1.3.5 | 1.71 | 17.05 | 18.76 | NOTE | |
r-release-macos-arm64 | 1.3.5 | 18.00 | OK | |||
r-release-macos-x86_64 | 1.3.5 | 30.00 | OK | |||
r-release-windows-x86_64 | 1.3.5 | 3.00 | 47.00 | 50.00 | OK | |
r-oldrel-macos-arm64 | 1.3.5 | 14.00 | OK | |||
r-oldrel-macos-x86_64 | 1.3.5 | 22.00 | OK | |||
r-oldrel-windows-x86_64 | 1.3.5 | 3.00 | 48.00 | 51.00 | OK |
Version: 1.3.5
Check: R code for possible problems
Result: NOTE
Found the following calls to attach():
File ‘Rmosek/R/builder.R’:
attach(builderenv, pos, name, warn.conflicts)
See section ‘Good practice’ in ‘?attach’.
Flavors: r-devel-linux-x86_64-debian-clang, r-devel-linux-x86_64-debian-gcc, r-patched-linux-x86_64, r-release-linux-x86_64
These binaries (installable software) and packages are in development.
They may not be fully stable and should be used with caution. We make no claims about them.