Last updated on 2024-07-27 15:50:32 CEST.
Flavor | Version | Tinstall | Tcheck | Ttotal | Status | Flags |
---|---|---|---|---|---|---|
r-devel-linux-x86_64-debian-clang | 0.7-2 | 8.04 | 44.86 | 52.90 | OK | |
r-devel-linux-x86_64-debian-gcc | 0.7-2 | OK | ||||
r-devel-linux-x86_64-fedora-clang | 0.7-2 | 74.83 | OK | |||
r-devel-linux-x86_64-fedora-gcc | 0.7-2 | 73.70 | OK | |||
r-devel-windows-x86_64 | 0.7-2 | 58.00 | 59.00 | 117.00 | OK | |
r-patched-linux-x86_64 | 0.7-2 | OK | ||||
r-release-linux-x86_64 | 0.7-2 | 8.09 | 43.45 | 51.54 | OK | |
r-release-macos-x86_64 | 0.7-2 | 56.00 | ERROR | |||
r-release-windows-x86_64 | 0.7-2 | 59.00 | 62.00 | 121.00 | OK | |
r-oldrel-macos-x86_64 | 0.7-2 | 25.00 | ERROR | |||
r-oldrel-windows-x86_64 | 0.7-2 | 57.00 | 70.00 | 127.00 | OK |
Version: 0.7-2
Check: whether package can be installed
Result: ERROR
Installation failed.
Flavors: r-release-macos-x86_64, r-oldrel-macos-x86_64
These binaries (installable software) and packages are in development.
They may not be fully stable and should be used with caution. We make no claims about them.