Last updated on 2024-07-27 15:50:32 CEST.
Flavor | Version | Tinstall | Tcheck | Ttotal | Status | Flags |
---|---|---|---|---|---|---|
r-devel-linux-x86_64-debian-clang | 0.0.3 | 7.57 | 55.54 | 63.11 | OK | |
r-devel-linux-x86_64-debian-gcc | 0.0.3 | OK | ||||
r-devel-linux-x86_64-fedora-clang | 0.0.3 | 83.21 | NOTE | |||
r-devel-linux-x86_64-fedora-gcc | 0.0.3 | 73.05 | NOTE | |||
r-devel-windows-x86_64 | 0.0.3 | 8.00 | 59.00 | 67.00 | OK | |
r-patched-linux-x86_64 | 0.0.3 | OK | ||||
r-release-linux-x86_64 | 0.0.3 | 4.26 | 53.20 | 57.46 | OK | |
r-release-macos-arm64 | 0.0.3 | 25.00 | OK | |||
r-release-macos-x86_64 | 0.0.3 | 70.00 | OK | |||
r-release-windows-x86_64 | 0.0.3 | 7.00 | 58.00 | 65.00 | OK | |
r-oldrel-macos-arm64 | 0.0.3 | 25.00 | OK | |||
r-oldrel-macos-x86_64 | 0.0.3 | 38.00 | OK | |||
r-oldrel-windows-x86_64 | 0.0.3 | 9.00 | 67.00 | 76.00 | OK |
Version: 0.0.3
Check: dependencies in R code
Result: NOTE
Namespace in Imports field not imported from: ‘reshape2’
All declared Imports should be used.
Flavors: r-devel-linux-x86_64-fedora-clang, r-devel-linux-x86_64-fedora-gcc
These binaries (installable software) and packages are in development.
They may not be fully stable and should be used with caution. We make no claims about them.