Last updated on 2025-02-16 10:50:57 CET.
Flavor | Version | Tinstall | Tcheck | Ttotal | Status | Flags |
---|---|---|---|---|---|---|
r-devel-linux-x86_64-debian-clang | 0.0.3 | 52.69 | 21.96 | 74.65 | OK | |
r-devel-linux-x86_64-debian-gcc | 0.0.3 | 48.63 | 17.52 | 66.15 | OK | |
r-devel-linux-x86_64-fedora-clang | 0.0.3 | 114.77 | OK | |||
r-devel-linux-x86_64-fedora-gcc | 0.0.3 | 173.87 | OK | |||
r-devel-macos-arm64 | 0.0.3 | 34.00 | OK | |||
r-devel-macos-x86_64 | 0.0.3 | 74.00 | OK | |||
r-devel-windows-x86_64 | 0.0.3 | 60.00 | 84.00 | 144.00 | OK | |
r-patched-linux-x86_64 | 0.0.3 | 64.79 | 21.26 | 86.05 | OK | |
r-release-linux-x86_64 | 0.0.3 | 64.84 | 20.99 | 85.83 | OK | |
r-release-macos-arm64 | 0.0.3 | 34.00 | NOTE | |||
r-release-macos-x86_64 | 0.0.3 | 55.00 | NOTE | |||
r-release-windows-x86_64 | 0.0.3 | 60.00 | 85.00 | 145.00 | OK | |
r-oldrel-macos-arm64 | 0.0.3 | 54.00 | NOTE | |||
r-oldrel-macos-x86_64 | 0.0.3 | 100.00 | NOTE | |||
r-oldrel-windows-x86_64 | 0.0.3 | 74.00 | 103.00 | 177.00 | OK |
Version: 0.0.3
Check: installed package size
Result: NOTE
installed size is 19.7Mb
sub-directories of 1Mb or more:
libs 19.5Mb
Flavors: r-release-macos-arm64, r-release-macos-x86_64, r-oldrel-macos-arm64, r-oldrel-macos-x86_64
These binaries (installable software) and packages are in development.
They may not be fully stable and should be used with caution. We make no claims about them.