CRAN Package Check Results for Package Rnanoflann

Last updated on 2025-05-21 21:49:28 CEST.

Flavor Version Tinstall Tcheck Ttotal Status Flags
r-devel-linux-x86_64-debian-clang 0.0.3 54.18 22.71 76.89 OK
r-devel-linux-x86_64-debian-gcc 0.0.3 48.02 18.38 66.40 OK
r-devel-linux-x86_64-fedora-clang 0.0.3 111.86 OK
r-devel-linux-x86_64-fedora-gcc 0.0.3 177.07 OK
r-devel-windows-x86_64 0.0.3 64.00 74.00 138.00 OK
r-patched-linux-x86_64 0.0.3 63.65 21.48 85.13 OK
r-release-linux-x86_64 0.0.3 67.48 21.73 89.21 OK
r-release-macos-arm64 0.0.3 37.00 OK
r-release-macos-x86_64 0.0.3 77.00 OK
r-release-windows-x86_64 0.0.3 63.00 100.00 163.00 OK
r-oldrel-macos-arm64 0.0.3 34.00 NOTE
r-oldrel-macos-x86_64 0.0.3 55.00 NOTE
r-oldrel-windows-x86_64 0.0.3 75.00 89.00 164.00 OK

Check Details

Version: 0.0.3
Check: installed package size
Result: NOTE installed size is 19.7Mb sub-directories of 1Mb or more: libs 19.5Mb Flavors: r-oldrel-macos-arm64, r-oldrel-macos-x86_64

These binaries (installable software) and packages are in development.
They may not be fully stable and should be used with caution. We make no claims about them.