Last updated on 2024-07-27 15:50:32 CEST.
Flavor | Version | Tinstall | Tcheck | Ttotal | Status | Flags |
---|---|---|---|---|---|---|
r-devel-linux-x86_64-debian-clang | 1.3.2 | 32.20 | 212.65 | 244.85 | OK | |
r-devel-linux-x86_64-debian-gcc | 1.3.2 | OK | ||||
r-devel-linux-x86_64-fedora-clang | 1.3.2 | 349.08 | NOTE | |||
r-devel-linux-x86_64-fedora-gcc | 1.3.2 | 328.87 | NOTE | |||
r-devel-windows-x86_64 | 1.3.2 | 32.00 | 181.00 | 213.00 | OK | |
r-patched-linux-x86_64 | 1.3.2 | OK | ||||
r-release-linux-x86_64 | 1.3.2 | 23.48 | 204.04 | 227.52 | OK | |
r-release-macos-arm64 | 1.3.2 | 95.00 | OK | |||
r-release-macos-x86_64 | 1.3.2 | 227.00 | OK | |||
r-release-windows-x86_64 | 1.3.2 | 37.00 | 180.00 | 217.00 | OK | |
r-oldrel-macos-arm64 | 1.3.2 | 96.00 | NOTE | |||
r-oldrel-macos-x86_64 | 1.3.2 | 243.00 | OK | |||
r-oldrel-windows-x86_64 | 1.3.2 | 41.00 | 231.00 | 272.00 | OK |
Version: 1.3.2
Check: dependencies in R code
Result: NOTE
Namespace in Imports field not imported from: ‘impute’
All declared Imports should be used.
Flavors: r-devel-linux-x86_64-fedora-clang, r-devel-linux-x86_64-fedora-gcc
Version: 1.3.2
Check: installed package size
Result: NOTE
installed size is 5.1Mb
sub-directories of 1Mb or more:
doc 2.0Mb
libs 1.7Mb
Flavor: r-oldrel-macos-arm64
These binaries (installable software) and packages are in development.
They may not be fully stable and should be used with caution. We make no claims about them.