Last updated on 2025-05-21 21:49:28 CEST.
Flavor | Version | Tinstall | Tcheck | Ttotal | Status | Flags |
---|---|---|---|---|---|---|
r-devel-linux-x86_64-debian-clang | 1.3.2 | 30.04 | 174.76 | 204.80 | OK | |
r-devel-linux-x86_64-debian-gcc | 1.3.2 | 22.73 | 126.73 | 149.46 | OK | |
r-devel-linux-x86_64-fedora-clang | 1.3.2 | 305.80 | NOTE | |||
r-devel-linux-x86_64-fedora-gcc | 1.3.2 | 320.83 | NOTE | |||
r-devel-windows-x86_64 | 1.3.2 | 33.00 | 192.00 | 225.00 | OK | |
r-patched-linux-x86_64 | 1.3.2 | 29.68 | 165.02 | 194.70 | OK | |
r-release-linux-x86_64 | 1.3.2 | 28.15 | 166.28 | 194.43 | OK | |
r-release-macos-arm64 | 1.3.2 | 91.00 | OK | |||
r-release-macos-x86_64 | 1.3.2 | 183.00 | OK | |||
r-release-windows-x86_64 | 1.3.2 | 35.00 | 188.00 | 223.00 | OK | |
r-oldrel-macos-arm64 | 1.3.2 | 95.00 | OK | |||
r-oldrel-macos-x86_64 | 1.3.2 | 227.00 | OK | |||
r-oldrel-windows-x86_64 | 1.3.2 | 40.00 | 242.00 | 282.00 | OK |
Version: 1.3.2
Check: dependencies in R code
Result: NOTE
Namespace in Imports field not imported from: ‘impute’
All declared Imports should be used.
Flavors: r-devel-linux-x86_64-fedora-clang, r-devel-linux-x86_64-fedora-gcc
These binaries (installable software) and packages are in development.
They may not be fully stable and should be used with caution. We make no claims about them.