CRAN Package Check Results for Package RoBMA

Last updated on 2025-07-17 13:50:17 CEST.

Flavor Version Tinstall Tcheck Ttotal Status Flags
r-devel-linux-x86_64-debian-clang 3.5.0 42.06 136.71 178.77 OK
r-devel-linux-x86_64-debian-gcc 3.5.0 27.03 94.77 121.80 OK
r-devel-linux-x86_64-fedora-clang 3.5.0 326.75 OK
r-devel-linux-x86_64-fedora-gcc 3.5.0 377.06 OK
r-devel-windows-x86_64 3.5.0 66.00 217.00 283.00 OK
r-patched-linux-x86_64 3.5.0 42.02 128.74 170.76 OK
r-release-linux-x86_64 3.5.0 38.18 127.22 165.40 OK
r-release-macos-arm64 3.5.0 166.00 OK
r-release-macos-x86_64 3.5.0 316.00 OK
r-release-windows-x86_64 3.5.0 68.00 218.00 286.00 OK
r-oldrel-macos-arm64 3.5.0 170.00 NOTE
r-oldrel-macos-x86_64 3.5.0 311.00 NOTE
r-oldrel-windows-x86_64 3.5.0 79.00 263.00 342.00 OK

Check Details

Version: 3.5.0
Check: installed package size
Result: NOTE installed size is 5.5Mb sub-directories of 1Mb or more: doc 2.6Mb libs 1.7Mb Flavors: r-oldrel-macos-arm64, r-oldrel-macos-x86_64

These binaries (installable software) and packages are in development.
They may not be fully stable and should be used with caution. We make no claims about them.