Last updated on 2025-11-12 23:50:57 CET.
| Flavor | Version | Tinstall | Tcheck | Ttotal | Status | Flags |
|---|---|---|---|---|---|---|
| r-devel-linux-x86_64-debian-clang | 3.6.0 | 46.99 | 120.71 | 167.70 | OK | |
| r-devel-linux-x86_64-debian-gcc | 3.6.0 | 28.59 | 84.31 | 112.90 | OK | |
| r-devel-linux-x86_64-fedora-clang | 3.6.0 | 286.00 | 40.88 | 326.88 | OK | |
| r-devel-linux-x86_64-fedora-gcc | 3.6.0 | 94.00 | 176.15 | 270.15 | OK | |
| r-devel-windows-x86_64 | 3.6.0 | 73.00 | 144.00 | 217.00 | OK | |
| r-patched-linux-x86_64 | 3.6.0 | 42.18 | 112.92 | 155.10 | OK | |
| r-release-linux-x86_64 | 3.6.0 | 40.69 | 112.29 | 152.98 | OK | |
| r-release-macos-arm64 | 3.6.0 | 23.00 | 64.00 | 87.00 | OK | |
| r-release-macos-x86_64 | 3.6.0 | 52.00 | 150.00 | 202.00 | OK | |
| r-release-windows-x86_64 | 3.6.0 | 69.00 | 141.00 | 210.00 | OK | |
| r-oldrel-macos-arm64 | 3.6.0 | 23.00 | 69.00 | 92.00 | NOTE | |
| r-oldrel-macos-x86_64 | 3.6.0 | 55.00 | 204.00 | 259.00 | NOTE | |
| r-oldrel-windows-x86_64 | 3.6.0 | 84.00 | 182.00 | 266.00 | OK |
Version: 3.6.0
Check: installed package size
Result: NOTE
installed size is 6.1Mb
sub-directories of 1Mb or more:
doc 3.0Mb
libs 1.7Mb
Flavors: r-oldrel-macos-arm64, r-oldrel-macos-x86_64
These binaries (installable software) and packages are in development.
They may not be fully stable and should be used with caution. We make no claims about them.