Last updated on 2025-11-27 13:48:47 CET.
| Flavor | Version | Tinstall | Tcheck | Ttotal | Status | Flags |
|---|---|---|---|---|---|---|
| r-devel-linux-x86_64-debian-clang | 1.3.1 | 524.16 | 92.68 | 616.84 | OK | |
| r-devel-linux-x86_64-debian-gcc | 1.3.1 | 468.98 | 103.59 | 572.57 | OK | |
| r-devel-linux-x86_64-fedora-clang | 1.3.1 | 2580.00 | -1516.09 | 1063.91 | OK | |
| r-devel-linux-x86_64-fedora-gcc | 1.3.1 | 1860.00 | -460.76 | 1399.24 | OK | |
| r-devel-windows-x86_64 | 1.3.1 | 604.00 | 168.00 | 772.00 | OK | |
| r-patched-linux-x86_64 | 1.3.1 | 648.59 | 140.86 | 789.45 | OK | |
| r-release-linux-x86_64 | 1.3.1 | 660.44 | 140.04 | 800.48 | OK | |
| r-release-macos-arm64 | 1.3.1 | OK | ||||
| r-release-macos-x86_64 | 1.3.1 | 252.00 | 90.00 | 342.00 | OK | |
| r-release-windows-x86_64 | 1.3.1 | 595.00 | 168.00 | 763.00 | OK | |
| r-oldrel-macos-arm64 | 1.3.1 | NOTE | ||||
| r-oldrel-macos-x86_64 | 1.3.1 | 72.00 | 54.00 | 126.00 | NOTE | |
| r-oldrel-windows-x86_64 | 1.3.1 | 696.00 | 216.00 | 912.00 | NOTE |
Version: 1.3.1
Check: installed package size
Result: NOTE
installed size is 95.9Mb
sub-directories of 1Mb or more:
libs 95.1Mb
Flavors: r-oldrel-macos-arm64, r-oldrel-macos-x86_64, r-oldrel-windows-x86_64
Version: 1.3.1
Check: for GNU extensions in Makefiles
Result: NOTE
GNU make is a SystemRequirements.
Flavors: r-oldrel-macos-arm64, r-oldrel-macos-x86_64
These binaries (installable software) and packages are in development.
They may not be fully stable and should be used with caution. We make no claims about them.