Last updated on 2025-10-09 17:50:50 CEST.
Flavor | Version | Tinstall | Tcheck | Ttotal | Status | Flags |
---|---|---|---|---|---|---|
r-devel-linux-x86_64-debian-clang | 1.3.1 | 524.74 | 93.43 | 618.17 | OK | |
r-devel-linux-x86_64-debian-gcc | 1.3.1 | 487.29 | 106.25 | 593.54 | OK | |
r-devel-linux-x86_64-fedora-clang | 1.3.1 | 1069.91 | OK | |||
r-devel-linux-x86_64-fedora-gcc | 1.3.1 | 1390.91 | OK | |||
r-devel-windows-x86_64 | 1.3.1 | 621.00 | 179.00 | 800.00 | OK | |
r-patched-linux-x86_64 | 1.3.1 | 634.69 | 140.36 | 775.05 | OK | |
r-release-linux-x86_64 | 1.3.1 | 657.03 | 142.13 | 799.16 | OK | |
r-release-macos-arm64 | 1.3.1 | 292.00 | OK | |||
r-release-macos-x86_64 | 1.3.1 | 342.00 | OK | |||
r-release-windows-x86_64 | 1.3.1 | 589.00 | 180.00 | 769.00 | OK | |
r-oldrel-macos-arm64 | 1.3.1 | 151.00 | NOTE | |||
r-oldrel-macos-x86_64 | 1.3.1 | 126.00 | NOTE | |||
r-oldrel-windows-x86_64 | 1.3.1 | 695.00 | 216.00 | 911.00 | NOTE |
Version: 1.3.1
Check: installed package size
Result: NOTE
installed size is 95.9Mb
sub-directories of 1Mb or more:
libs 95.1Mb
Flavors: r-oldrel-macos-arm64, r-oldrel-macos-x86_64, r-oldrel-windows-x86_64
Version: 1.3.1
Check: for GNU extensions in Makefiles
Result: NOTE
GNU make is a SystemRequirements.
Flavors: r-oldrel-macos-arm64, r-oldrel-macos-x86_64
These binaries (installable software) and packages are in development.
They may not be fully stable and should be used with caution. We make no claims about them.