Last updated on 2025-07-21 19:49:54 CEST.
Flavor | Version | Tinstall | Tcheck | Ttotal | Status | Flags |
---|---|---|---|---|---|---|
r-devel-linux-x86_64-debian-clang | 1.3.1 | 509.58 | 91.26 | 600.84 | OK | |
r-devel-linux-x86_64-debian-gcc | 1.3.1 | 489.10 | 102.47 | 591.57 | OK | |
r-devel-linux-x86_64-fedora-clang | 1.3.1 | 945.42 | OK | |||
r-devel-linux-x86_64-fedora-gcc | 1.3.1 | 1381.83 | OK | |||
r-devel-windows-x86_64 | 1.3.1 | 608.00 | 176.00 | 784.00 | OK | |
r-patched-linux-x86_64 | 1.3.1 | 642.23 | 139.22 | 781.45 | OK | |
r-release-linux-x86_64 | 1.3.1 | 632.73 | 138.26 | 770.99 | OK | |
r-release-macos-arm64 | 1.3.1 | 292.00 | OK | |||
r-release-macos-x86_64 | 1.3.1 | 342.00 | OK | |||
r-release-windows-x86_64 | 1.3.1 | 562.00 | 177.00 | 739.00 | OK | |
r-oldrel-macos-arm64 | 1.3.1 | 151.00 | NOTE | |||
r-oldrel-macos-x86_64 | 1.3.1 | 126.00 | NOTE | |||
r-oldrel-windows-x86_64 | 1.3.1 | 679.00 | 215.00 | 894.00 | NOTE |
Version: 1.3.1
Check: installed package size
Result: NOTE
installed size is 95.9Mb
sub-directories of 1Mb or more:
libs 95.1Mb
Flavors: r-oldrel-macos-arm64, r-oldrel-macos-x86_64, r-oldrel-windows-x86_64
Version: 1.3.1
Check: for GNU extensions in Makefiles
Result: NOTE
GNU make is a SystemRequirements.
Flavors: r-oldrel-macos-arm64, r-oldrel-macos-x86_64
These binaries (installable software) and packages are in development.
They may not be fully stable and should be used with caution. We make no claims about them.