Last updated on 2025-02-16 10:50:57 CET.
Flavor | Version | Tinstall | Tcheck | Ttotal | Status | Flags |
---|---|---|---|---|---|---|
r-devel-linux-x86_64-debian-clang | 1.3.1 | 530.61 | 89.35 | 619.96 | OK | |
r-devel-linux-x86_64-debian-gcc | 1.3.1 | 502.98 | 102.44 | 605.42 | OK | |
r-devel-linux-x86_64-fedora-clang | 1.3.1 | 999.65 | OK | |||
r-devel-linux-x86_64-fedora-gcc | 1.3.1 | 1510.05 | OK | |||
r-devel-macos-arm64 | 1.3.1 | 290.00 | OK | |||
r-devel-macos-x86_64 | 1.3.1 | 342.00 | OK | |||
r-devel-windows-x86_64 | 1.3.1 | 515.00 | 167.00 | 682.00 | OK | |
r-patched-linux-x86_64 | 1.3.1 | 642.92 | 135.23 | 778.15 | OK | |
r-release-linux-x86_64 | 1.3.1 | 634.74 | 132.85 | 767.59 | OK | |
r-release-macos-arm64 | 1.3.1 | 151.00 | NOTE | |||
r-release-macos-x86_64 | 1.3.1 | 126.00 | NOTE | |||
r-release-windows-x86_64 | 1.3.1 | 526.00 | 165.00 | 691.00 | NOTE | |
r-oldrel-macos-arm64 | 1.3.1 | 356.00 | NOTE | |||
r-oldrel-macos-x86_64 | 1.3.1 | 196.00 | NOTE | |||
r-oldrel-windows-x86_64 | 1.3.1 | 698.00 | 197.00 | 895.00 | NOTE |
Version: 1.3.1
Check: installed package size
Result: NOTE
installed size is 95.9Mb
sub-directories of 1Mb or more:
libs 95.1Mb
Flavors: r-release-macos-arm64, r-release-macos-x86_64, r-release-windows-x86_64, r-oldrel-macos-arm64, r-oldrel-macos-x86_64, r-oldrel-windows-x86_64
Version: 1.3.1
Check: for GNU extensions in Makefiles
Result: NOTE
GNU make is a SystemRequirements.
Flavors: r-release-macos-arm64, r-release-macos-x86_64, r-oldrel-macos-arm64, r-oldrel-macos-x86_64
These binaries (installable software) and packages are in development.
They may not be fully stable and should be used with caution. We make no claims about them.