Last updated on 2025-05-08 04:52:17 CEST.
Flavor | Version | Tinstall | Tcheck | Ttotal | Status | Flags |
---|---|---|---|---|---|---|
r-devel-linux-x86_64-debian-clang | 1.3.1 | 520.93 | 90.55 | 611.48 | OK | |
r-devel-linux-x86_64-debian-gcc | 1.3.1 | 515.00 | 101.24 | 616.24 | OK | |
r-devel-linux-x86_64-fedora-clang | 1.3.1 | 949.08 | OK | |||
r-devel-linux-x86_64-fedora-gcc | 1.3.1 | 1540.30 | OK | |||
r-devel-windows-x86_64 | 1.3.1 | 623.00 | 179.00 | 802.00 | OK | |
r-patched-linux-x86_64 | 1.3.1 | 640.90 | 138.32 | 779.22 | OK | |
r-release-linux-x86_64 | 1.3.1 | 627.68 | 138.04 | 765.72 | OK | |
r-release-macos-arm64 | 1.3.1 | 292.00 | OK | |||
r-release-macos-x86_64 | 1.3.1 | 342.00 | OK | |||
r-release-windows-x86_64 | 1.3.1 | 598.00 | 168.00 | 766.00 | OK | |
r-oldrel-macos-arm64 | 1.3.1 | 151.00 | NOTE | |||
r-oldrel-macos-x86_64 | 1.3.1 | 126.00 | NOTE | |||
r-oldrel-windows-x86_64 | 1.3.1 | 681.00 | 214.00 | 895.00 | NOTE |
Version: 1.3.1
Check: installed package size
Result: NOTE
installed size is 95.9Mb
sub-directories of 1Mb or more:
libs 95.1Mb
Flavors: r-oldrel-macos-arm64, r-oldrel-macos-x86_64, r-oldrel-windows-x86_64
Version: 1.3.1
Check: for GNU extensions in Makefiles
Result: NOTE
GNU make is a SystemRequirements.
Flavors: r-oldrel-macos-arm64, r-oldrel-macos-x86_64
These binaries (installable software) and packages are in development.
They may not be fully stable and should be used with caution. We make no claims about them.