CRAN Package Check Results for Package RobAStBase

Last updated on 2025-05-01 14:49:21 CEST.

Flavor Version Tinstall Tcheck Ttotal Status Flags
r-devel-linux-x86_64-debian-clang 1.2.7 39.53 166.52 206.05 NOTE
r-devel-linux-x86_64-debian-gcc 1.2.7 22.84 115.46 138.30 OK
r-devel-linux-x86_64-fedora-clang 1.2.7 321.92 OK
r-devel-linux-x86_64-fedora-gcc 1.2.7 313.94 OK
r-devel-windows-x86_64 1.2.7 35.00 184.00 219.00 OK
r-patched-linux-x86_64 1.2.7 38.35 159.75 198.10 OK
r-release-linux-x86_64 OK
r-release-macos-arm64 1.2.7 83.00 OK
r-release-macos-x86_64 1.2.7 220.00 OK
r-release-windows-x86_64 1.2.7 38.00 191.00 229.00 OK
r-oldrel-macos-arm64 1.2.7 81.00 OK
r-oldrel-macos-x86_64 1.2.7 228.00 OK
r-oldrel-windows-x86_64 1.2.7 46.00 221.00 267.00 OK

Check Details

Version: 1.2.7
Check: examples
Result: NOTE Examples with CPU (user + system) or elapsed time > 5s user system elapsed comparePlot 4.643 0.024 5.968 outlyingPlotIC 3.979 0.000 5.283 Flavor: r-devel-linux-x86_64-debian-clang

These binaries (installable software) and packages are in development.
They may not be fully stable and should be used with caution. We make no claims about them.