Last updated on 2024-07-27 15:50:32 CEST.
Flavor | Version | Tinstall | Tcheck | Ttotal | Status | Flags |
---|---|---|---|---|---|---|
r-devel-linux-x86_64-debian-clang | 1.3.0 | 56.19 | 187.18 | 243.37 | OK | |
r-devel-linux-x86_64-debian-gcc | 1.3.0 | NOTE | ||||
r-devel-linux-x86_64-fedora-clang | 1.3.0 | 300.93 | OK | |||
r-devel-linux-x86_64-fedora-gcc | 1.3.0 | 286.92 | OK | |||
r-devel-windows-x86_64 | 1.3.0 | 45.00 | 158.00 | 203.00 | NOTE | |
r-patched-linux-x86_64 | 1.3.0 | OK | ||||
r-release-linux-x86_64 | 1.3.0 | 32.68 | 177.36 | 210.04 | OK | |
r-release-macos-arm64 | 1.3.0 | 77.00 | OK | |||
r-release-macos-x86_64 | 1.3.0 | 267.00 | OK | |||
r-release-windows-x86_64 | 1.3.0 | 41.00 | 157.00 | 198.00 | OK | |
r-oldrel-macos-arm64 | 1.3.0 | 79.00 | OK | |||
r-oldrel-macos-x86_64 | 1.3.0 | 204.00 | OK | |||
r-oldrel-windows-x86_64 | 1.3.0 | 59.00 | 188.00 | 247.00 | OK |
Version: 1.3.0
Check: Rd cross-references
Result: NOTE
Found the following Rd file(s) with Rd \link{} targets missing package
anchors:
E.Rd: distrExOptions, distrExIntegrate, m1df, m2df
GumbelLocationFamily.Rd: L2ParamFamily-class
LDEstimate-class.Rd: Estimate-class, MCEstimator
LDEstimator.Rd: ParamFamily-class, ParamFamily, Estimate-class
PickandsEstimator.Rd: ParamFamily-class, ParamFamily, Estimate-class
QuantileBCCEstimator.Rd: ParamFamily-class, ParamFamily,
Estimate-class
getCVaR.Rd: GammaFamily
getStartIC-methods.Rd: robest, optIC, radiusMinimaxIC
internalProbFamilyReturnClasses-class.Rd: L2ParamFamily-class,
L2ScaleShapeUnion-class
internalldeHelpers.Rd: Estimate-class
mov2bckRef-methods.Rd: robest, optIC, radiusMinimaxIC
Please provide package anchors for all Rd \link{} targets not in the
package itself and the base packages.
Flavors: r-devel-linux-x86_64-debian-gcc, r-devel-windows-x86_64
These binaries (installable software) and packages are in development.
They may not be fully stable and should be used with caution. We make no claims about them.