CRAN Package Check Results for Package RobGARCHBoot

Last updated on 2025-07-22 13:49:23 CEST.

Flavor Version Tinstall Tcheck Ttotal Status Flags
r-devel-linux-x86_64-debian-clang 1.2.0 20.61 26.15 46.76 NOTE
r-devel-linux-x86_64-debian-gcc 1.2.0 14.10 21.38 35.48 NOTE
r-devel-linux-x86_64-fedora-clang 1.2.0 79.85 OK
r-devel-linux-x86_64-fedora-gcc 1.2.0 73.35 OK
r-devel-windows-x86_64 1.2.0 24.00 59.00 83.00 OK
r-patched-linux-x86_64 1.2.0 20.76 24.72 45.48 OK
r-release-linux-x86_64 1.2.0 18.47 24.57 43.04 OK
r-release-macos-arm64 1.2.0 30.00 OK
r-release-macos-x86_64 1.2.0 37.00 OK
r-release-windows-x86_64 1.2.0 25.00 62.00 87.00 OK
r-oldrel-macos-arm64 1.2.0 26.00 OK
r-oldrel-macos-x86_64 1.2.0 37.00 OK
r-oldrel-windows-x86_64 1.2.0 30.00 73.00 103.00 OK

Check Details

Version: 1.2.0
Check: CRAN incoming feasibility
Result: NOTE Maintainer: ‘Carlos Trucios <ctrucios@gmail.com>’ No Authors@R field in DESCRIPTION. Please add one, modifying Authors@R: person(given = "Carlos", family = "Trucios", role = c("aut", "cre"), email = "ctrucios@gmail.com") as necessary. Flavors: r-devel-linux-x86_64-debian-clang, r-devel-linux-x86_64-debian-gcc

These binaries (installable software) and packages are in development.
They may not be fully stable and should be used with caution. We make no claims about them.