Last updated on 2025-05-01 08:52:44 CEST.
Flavor | Version | Tinstall | Tcheck | Ttotal | Status | Flags |
---|---|---|---|---|---|---|
r-devel-linux-x86_64-debian-clang | 1.2.0 | 19.41 | 25.88 | 45.29 | NOTE | |
r-devel-linux-x86_64-debian-gcc | 1.2.0 | 13.60 | 20.17 | 33.77 | NOTE | |
r-devel-linux-x86_64-fedora-clang | 1.2.0 | 80.69 | OK | |||
r-devel-linux-x86_64-fedora-gcc | 1.2.0 | 76.15 | OK | |||
r-devel-windows-x86_64 | 1.2.0 | 26.00 | 61.00 | 87.00 | OK | |
r-patched-linux-x86_64 | 1.2.0 | 19.77 | 24.72 | 44.49 | OK | |
r-release-linux-x86_64 | OK | |||||
r-release-macos-arm64 | 1.2.0 | 30.00 | OK | |||
r-release-macos-x86_64 | 1.2.0 | 37.00 | OK | |||
r-release-windows-x86_64 | 1.2.0 | 25.00 | 64.00 | 89.00 | OK | |
r-oldrel-macos-arm64 | 1.2.0 | 26.00 | OK | |||
r-oldrel-macos-x86_64 | 1.2.0 | 37.00 | OK | |||
r-oldrel-windows-x86_64 | 1.2.0 | 29.00 | 77.00 | 106.00 | OK |
Version: 1.2.0
Check: CRAN incoming feasibility
Result: NOTE
Maintainer: ‘Carlos Trucios <ctrucios@gmail.com>’
No Authors@R field in DESCRIPTION.
Please add one, modifying
Authors@R: person(given = "Carlos",
family = "Trucios",
role = c("aut", "cre"),
email = "ctrucios@gmail.com")
as necessary.
Flavors: r-devel-linux-x86_64-debian-clang, r-devel-linux-x86_64-debian-gcc
These binaries (installable software) and packages are in development.
They may not be fully stable and should be used with caution. We make no claims about them.