Last updated on 2025-02-16 10:50:57 CET.
Flavor | Version | Tinstall | Tcheck | Ttotal | Status | Flags |
---|---|---|---|---|---|---|
r-devel-linux-x86_64-debian-clang | 1.0.2 | 238.50 | 83.08 | 321.58 | OK | |
r-devel-linux-x86_64-debian-gcc | 1.0.2 | 182.34 | 75.66 | 258.00 | OK | |
r-devel-linux-x86_64-fedora-clang | 1.0.2 | 625.56 | OK | |||
r-devel-linux-x86_64-fedora-gcc | 1.0.2 | 689.50 | OK | |||
r-devel-macos-arm64 | 1.0.2 | 129.00 | OK | |||
r-devel-macos-x86_64 | 1.0.2 | 146.00 | OK | |||
r-devel-windows-x86_64 | 1.0.2 | 245.00 | 124.00 | 369.00 | OK | |
r-patched-linux-x86_64 | 1.0.2 | 251.18 | 98.12 | 349.30 | OK | |
r-release-linux-x86_64 | 1.0.2 | 239.46 | 98.72 | 338.18 | OK | |
r-release-macos-arm64 | 1.0.2 | 137.00 | NOTE | |||
r-release-macos-x86_64 | 1.0.2 | 128.00 | NOTE | |||
r-release-windows-x86_64 | 1.0.2 | 248.00 | 123.00 | 371.00 | OK | |
r-oldrel-macos-arm64 | 1.0.2 | 152.00 | NOTE | |||
r-oldrel-macos-x86_64 | 1.0.2 | 254.00 | NOTE | |||
r-oldrel-windows-x86_64 | 1.0.2 | 292.00 | 145.00 | 437.00 | OK |
Version: 1.0.2
Check: installed package size
Result: NOTE
installed size is 40.5Mb
sub-directories of 1Mb or more:
libs 40.3Mb
Flavors: r-release-macos-arm64, r-release-macos-x86_64, r-oldrel-macos-arm64, r-oldrel-macos-x86_64
These binaries (installable software) and packages are in development.
They may not be fully stable and should be used with caution. We make no claims about them.