Last updated on 2025-10-25 11:48:45 CEST.
| Flavor | Version | Tinstall | Tcheck | Ttotal | Status | Flags |
|---|---|---|---|---|---|---|
| r-devel-linux-x86_64-debian-clang | 1.0.2 | 252.54 | 96.18 | 348.72 | NOTE | |
| r-devel-linux-x86_64-debian-gcc | 1.0.2 | 176.08 | 87.47 | 263.55 | NOTE | |
| r-devel-linux-x86_64-fedora-clang | 1.0.2 | 1860.00 | -1161.40 | 698.60 | OK | |
| r-devel-linux-x86_64-fedora-gcc | 1.0.2 | 412.00 | 208.09 | 620.09 | OK | |
| r-devel-windows-x86_64 | 1.0.2 | 265.00 | 140.00 | 405.00 | OK | |
| r-patched-linux-x86_64 | 1.0.2 | 264.24 | 116.43 | 380.67 | OK | |
| r-release-linux-x86_64 | 1.0.2 | 255.96 | 116.49 | 372.45 | OK | |
| r-release-macos-arm64 | 1.0.2 | 91.00 | 37.00 | 128.00 | OK | |
| r-release-macos-x86_64 | 1.0.2 | 72.00 | 65.00 | 137.00 | OK | |
| r-release-windows-x86_64 | 1.0.2 | 267.00 | 139.00 | 406.00 | OK | |
| r-oldrel-macos-arm64 | 1.0.2 | 102.00 | 35.00 | 137.00 | NOTE | |
| r-oldrel-macos-x86_64 | 1.0.2 | 74.00 | 54.00 | 128.00 | NOTE | |
| r-oldrel-windows-x86_64 | 1.0.2 | 312.00 | 168.00 | 480.00 | OK |
Version: 1.0.2
Check: CRAN incoming feasibility
Result: NOTE
Maintainer: ‘Daniel Grose <dan.grose@lancaster.ac.uk>’
The Description field contains
(2014) <arXiv:1204.3358> and Agamennoni et al. (2018)
of Ruckdeschel et al. (2014) <arXiv:1204.3358>, as well as the
<arXiv:2007.03238>.
Please refer to arXiv e-prints via their arXiv DOI <doi:10.48550/arXiv.YYMM.NNNNN>.
Flavors: r-devel-linux-x86_64-debian-clang, r-devel-linux-x86_64-debian-gcc
Version: 1.0.2
Check: installed package size
Result: NOTE
installed size is 40.5Mb
sub-directories of 1Mb or more:
libs 40.3Mb
Flavors: r-oldrel-macos-arm64, r-oldrel-macos-x86_64
These binaries (installable software) and packages are in development.
They may not be fully stable and should be used with caution. We make no claims about them.