Last updated on 2025-05-21 21:49:29 CEST.
Flavor | Version | Tinstall | Tcheck | Ttotal | Status | Flags |
---|---|---|---|---|---|---|
r-devel-linux-x86_64-debian-clang | 1.0.2 | 241.30 | 87.37 | 328.67 | NOTE | |
r-devel-linux-x86_64-debian-gcc | 1.0.2 | 186.35 | 78.55 | 264.90 | NOTE | |
r-devel-linux-x86_64-fedora-clang | 1.0.2 | 612.72 | OK | |||
r-devel-linux-x86_64-fedora-gcc | 1.0.2 | 699.39 | OK | |||
r-devel-windows-x86_64 | 1.0.2 | 280.00 | 133.00 | 413.00 | OK | |
r-patched-linux-x86_64 | 1.0.2 | 254.50 | 106.27 | 360.77 | OK | |
r-release-linux-x86_64 | 1.0.2 | 254.46 | 106.43 | 360.89 | OK | |
r-release-macos-arm64 | 1.0.2 | 128.00 | OK | |||
r-release-macos-x86_64 | 1.0.2 | 137.00 | OK | |||
r-release-windows-x86_64 | 1.0.2 | 270.00 | 137.00 | 407.00 | OK | |
r-oldrel-macos-arm64 | 1.0.2 | 137.00 | NOTE | |||
r-oldrel-macos-x86_64 | 1.0.2 | 128.00 | NOTE | |||
r-oldrel-windows-x86_64 | 1.0.2 | 307.00 | 160.00 | 467.00 | OK |
Version: 1.0.2
Check: CRAN incoming feasibility
Result: NOTE
Maintainer: ‘Daniel Grose <dan.grose@lancaster.ac.uk>’
The Description field contains
(2014) <arXiv:1204.3358> and Agamennoni et al. (2018)
of Ruckdeschel et al. (2014) <arXiv:1204.3358>, as well as the
<arXiv:2007.03238>.
Please refer to arXiv e-prints via their arXiv DOI <doi:10.48550/arXiv.YYMM.NNNNN>.
Flavors: r-devel-linux-x86_64-debian-clang, r-devel-linux-x86_64-debian-gcc
Version: 1.0.2
Check: installed package size
Result: NOTE
installed size is 40.5Mb
sub-directories of 1Mb or more:
libs 40.3Mb
Flavors: r-oldrel-macos-arm64, r-oldrel-macos-x86_64
These binaries (installable software) and packages are in development.
They may not be fully stable and should be used with caution. We make no claims about them.