Last updated on 2025-05-01 14:49:21 CEST.
Flavor | Version | Tinstall | Tcheck | Ttotal | Status | Flags |
---|---|---|---|---|---|---|
r-devel-linux-x86_64-debian-clang | 1.2.3 | 19.49 | 159.81 | 179.30 | NOTE | |
r-devel-linux-x86_64-debian-gcc | 1.2.3 | 12.94 | 106.97 | 119.91 | OK | |
r-devel-linux-x86_64-fedora-clang | 1.2.3 | 279.24 | OK | |||
r-devel-linux-x86_64-fedora-gcc | 1.2.3 | 272.46 | OK | |||
r-devel-windows-x86_64 | 1.2.3 | 19.00 | 157.00 | 176.00 | OK | |
r-patched-linux-x86_64 | 1.2.3 | 18.29 | 151.75 | 170.04 | OK | |
r-release-linux-x86_64 | OK | |||||
r-release-macos-arm64 | 1.2.3 | 102.00 | OK | |||
r-release-macos-x86_64 | 1.2.3 | 160.00 | OK | |||
r-release-windows-x86_64 | 1.2.3 | 20.00 | 165.00 | 185.00 | OK | |
r-oldrel-macos-arm64 | 1.2.3 | 72.00 | OK | |||
r-oldrel-macos-x86_64 | 1.2.3 | 148.00 | OK | |||
r-oldrel-windows-x86_64 | 1.2.3 | 23.00 | 193.00 | 216.00 | OK |
Version: 1.2.3
Check: examples
Result: NOTE
Examples with CPU (user + system) or elapsed time > 5s
user system elapsed
roblox 6.357 0.129 7.861
Flavor: r-devel-linux-x86_64-debian-clang
These binaries (installable software) and packages are in development.
They may not be fully stable and should be used with caution. We make no claims about them.