Last updated on 2025-05-01 15:49:43 CEST.
Flavor | Version | Tinstall | Tcheck | Ttotal | Status | Flags |
---|---|---|---|---|---|---|
r-devel-linux-x86_64-debian-clang | 1.2.3 | 33.03 | 278.00 | 311.03 | OK | |
r-devel-linux-x86_64-debian-gcc | 1.2.3 | 24.12 | 195.73 | 219.85 | OK | |
r-devel-linux-x86_64-fedora-clang | 1.2.3 | 478.00 | OK | |||
r-devel-linux-x86_64-fedora-gcc | 1.2.3 | 456.34 | OK | |||
r-devel-windows-x86_64 | 1.2.3 | 33.00 | 231.00 | 264.00 | OK | |
r-patched-linux-x86_64 | 1.2.3 | 34.66 | 259.58 | 294.24 | OK | |
r-release-linux-x86_64 | OK | |||||
r-release-macos-arm64 | 1.2.3 | 117.00 | OK | |||
r-release-macos-x86_64 | 1.2.3 | 262.00 | OK | |||
r-release-windows-x86_64 | 1.2.3 | 33.00 | 233.00 | 266.00 | OK | |
r-oldrel-macos-arm64 | 1.2.3 | 125.00 | NOTE | |||
r-oldrel-macos-x86_64 | 1.2.3 | 264.00 | NOTE | |||
r-oldrel-windows-x86_64 | 1.2.3 | 40.00 | 297.00 | 337.00 | OK |
Version: 1.2.3
Check: package dependencies
Result: NOTE
Packages suggested but not available for checking:
'affydata', 'hgu95av2cdf', 'beadarrayExampleData',
'illuminaHumanv3.db'
Flavor: r-oldrel-macos-arm64
Version: 1.2.3
Check: package dependencies
Result: NOTE
Package suggested but not available for checking: ‘illuminaHumanv3.db’
Flavor: r-oldrel-macos-x86_64
These binaries (installable software) and packages are in development.
They may not be fully stable and should be used with caution. We make no claims about them.