CRAN Package Check Results for Package RobMixReg

Last updated on 2025-05-08 04:52:17 CEST.

Flavor Version Tinstall Tcheck Ttotal Status Flags
r-devel-linux-x86_64-debian-clang 1.1.0 11.68 84.58 96.26 NOTE
r-devel-linux-x86_64-debian-gcc 1.1.0 7.85 57.19 65.04 NOTE
r-devel-linux-x86_64-fedora-clang 1.1.0 135.14 NOTE
r-devel-linux-x86_64-fedora-gcc 1.1.0 140.02 NOTE
r-devel-windows-x86_64 1.1.0 13.00 90.00 103.00 OK
r-patched-linux-x86_64 1.1.0 10.38 77.24 87.62 OK
r-release-linux-x86_64 1.1.0 9.46 76.13 85.59 OK
r-release-macos-arm64 1.1.0 41.00 OK
r-release-macos-x86_64 1.1.0 73.00 OK
r-release-windows-x86_64 1.1.0 12.00 89.00 101.00 OK
r-oldrel-macos-arm64 1.1.0 40.00 OK
r-oldrel-macos-x86_64 1.1.0 59.00 OK
r-oldrel-windows-x86_64 1.1.0 17.00 111.00 128.00 OK

Check Details

Version: 1.1.0
Check: CRAN incoming feasibility
Result: NOTE Maintainer: ‘Wennan Chang <wnchang@iu.edu>’ The Description field contains <arXiv:2005.11599>. Please refer to arXiv e-prints via their arXiv DOI <doi:10.48550/arXiv.YYMM.NNNNN>. Flavors: r-devel-linux-x86_64-debian-clang, r-devel-linux-x86_64-debian-gcc

Version: 1.1.0
Check: dependencies in R code
Result: NOTE Namespace in Imports field not imported from: ‘glmnet’ All declared Imports should be used. Flavors: r-devel-linux-x86_64-fedora-clang, r-devel-linux-x86_64-fedora-gcc

These binaries (installable software) and packages are in development.
They may not be fully stable and should be used with caution. We make no claims about them.