CRAN Package Check Results for Package RobinHood

Last updated on 2025-05-08 04:52:17 CEST.

Flavor Version Tinstall Tcheck Ttotal Status Flags
r-devel-linux-x86_64-debian-clang 1.7.0 4.82 37.46 42.28 NOTE
r-devel-linux-x86_64-debian-gcc 1.7.0 3.91 27.65 31.56 NOTE
r-devel-linux-x86_64-fedora-clang 1.7.0 66.62 OK
r-devel-linux-x86_64-fedora-gcc 1.7.0 63.60 OK
r-devel-windows-x86_64 1.7.0 8.00 64.00 72.00 OK
r-patched-linux-x86_64 1.7.0 5.12 35.27 40.39 OK
r-release-linux-x86_64 1.7.0 4.25 35.92 40.17 OK
r-release-macos-arm64 1.7.0 23.00 OK
r-release-macos-x86_64 1.7.0 44.00 OK
r-release-windows-x86_64 1.7.0 8.00 63.00 71.00 OK
r-oldrel-macos-arm64 1.7.0 22.00 OK
r-oldrel-macos-x86_64 1.7.0 50.00 OK
r-oldrel-windows-x86_64 1.7.0 9.00 71.00 80.00 OK

Check Details

Version: 1.7.0
Check: CRAN incoming feasibility
Result: NOTE Maintainer: ‘Joseph Blubaugh <jestonblu@gmail.com>’ No Authors@R field in DESCRIPTION. Please add one, modifying Authors@R: person(given = "Joseph", family = "Blubaugh", role = c("aut", "cre"), email = "jestonblu@gmail.com") as necessary. Flavors: r-devel-linux-x86_64-debian-clang, r-devel-linux-x86_64-debian-gcc

These binaries (installable software) and packages are in development.
They may not be fully stable and should be used with caution. We make no claims about them.