Last updated on 2025-11-24 15:50:03 CET.
| Flavor | Version | Tinstall | Tcheck | Ttotal | Status | Flags |
|---|---|---|---|---|---|---|
| r-devel-linux-x86_64-debian-clang | 1.4-7 | 24.40 | 83.19 | 107.59 | NOTE | |
| r-devel-linux-x86_64-debian-gcc | 1.4-7 | 14.42 | 59.05 | 73.47 | NOTE | |
| r-devel-linux-x86_64-fedora-clang | 1.4-7 | 51.00 | 116.71 | 167.71 | OK | |
| r-devel-linux-x86_64-fedora-gcc | 1.4-7 | 44.00 | 111.12 | 155.12 | OK | |
| r-devel-windows-x86_64 | 1.4-7 | 24.00 | 99.00 | 123.00 | OK | |
| r-patched-linux-x86_64 | 1.4-7 | 17.61 | 78.20 | 95.81 | OK | |
| r-release-linux-x86_64 | 1.4-7 | 17.49 | 78.97 | 96.46 | OK | |
| r-release-macos-arm64 | 1.4-7 | OK | ||||
| r-release-macos-x86_64 | 1.4-7 | 19.00 | 90.00 | 109.00 | OK | |
| r-release-windows-x86_64 | 1.4-7 | 23.00 | 127.00 | 150.00 | OK | |
| r-oldrel-macos-arm64 | 1.4-7 | OK | ||||
| r-oldrel-macos-x86_64 | 1.4-7 | 27.00 | 77.00 | 104.00 | OK | |
| r-oldrel-windows-x86_64 | 1.4-7 | 30.00 | 125.00 | 155.00 | OK |
Version: 1.4-7
Check: CRAN incoming feasibility
Result: NOTE
Maintainer: ‘A. Randriamiharisoa <exelami@gmail.com>’
No Authors@R field in DESCRIPTION.
Please add one, modifying
Authors@R: c(person(given = "Alfio",
family = "Marazzi",
role = "aut",
email = "Alfio.Marazzi@unisante.ch"),
person(given = "Jean-Luc",
family = "Muralti",
role = "aut"),
person(given = "A.",
family = "Randriamiharisoa",
role = "cre",
email = "exelami@gmail.com"))
as necessary.
Flavors: r-devel-linux-x86_64-debian-clang, r-devel-linux-x86_64-debian-gcc
These binaries (installable software) and packages are in development.
They may not be fully stable and should be used with caution. We make no claims about them.