Last updated on 2025-02-16 10:50:57 CET.
Flavor | Version | Tinstall | Tcheck | Ttotal | Status | Flags |
---|---|---|---|---|---|---|
r-devel-linux-x86_64-debian-clang | 0.5.5 | 49.32 | 68.71 | 118.03 | OK | |
r-devel-linux-x86_64-debian-gcc | 0.5.5 | 38.59 | 47.10 | 85.69 | OK | |
r-devel-linux-x86_64-fedora-clang | 0.5.5 | 198.22 | OK | |||
r-devel-linux-x86_64-fedora-gcc | 0.5.5 | 210.71 | OK | |||
r-devel-macos-arm64 | 0.5.5 | 50.00 | OK | |||
r-devel-macos-x86_64 | 0.5.5 | 132.00 | OK | |||
r-devel-windows-x86_64 | 0.5.5 | 48.00 | 112.00 | 160.00 | OK | |
r-patched-linux-x86_64 | 0.5.5 | 52.97 | 67.19 | 120.16 | OK | |
r-release-linux-x86_64 | 0.5.5 | 48.88 | 68.15 | 117.03 | OK | |
r-release-macos-arm64 | 0.5.5 | 61.00 | NOTE | |||
r-release-macos-x86_64 | 0.5.5 | 104.00 | NOTE | |||
r-release-windows-x86_64 | 0.5.5 | 47.00 | 112.00 | 159.00 | OK | |
r-oldrel-macos-arm64 | 0.5.5 | 57.00 | NOTE | |||
r-oldrel-macos-x86_64 | 0.5.5 | 107.00 | NOTE | |||
r-oldrel-windows-x86_64 | 0.5.5 | 60.00 | 128.00 | 188.00 | OK |
Version: 0.5.5
Check: installed package size
Result: NOTE
installed size is 22.6Mb
sub-directories of 1Mb or more:
libs 22.0Mb
Flavors: r-release-macos-arm64, r-release-macos-x86_64, r-oldrel-macos-arm64, r-oldrel-macos-x86_64
These binaries (installable software) and packages are in development.
They may not be fully stable and should be used with caution. We make no claims about them.