Last updated on 2025-05-08 04:52:17 CEST.
Flavor | Version | Tinstall | Tcheck | Ttotal | Status | Flags |
---|---|---|---|---|---|---|
r-devel-linux-x86_64-debian-clang | 0.2.5 | 14.88 | 115.04 | 129.92 | NOTE | |
r-devel-linux-x86_64-debian-gcc | 0.2.5 | 10.78 | 81.40 | 92.18 | NOTE | |
r-devel-linux-x86_64-fedora-clang | 0.2.5 | 224.74 | OK | |||
r-devel-linux-x86_64-fedora-gcc | 0.2.5 | 205.60 | OK | |||
r-devel-windows-x86_64 | 0.2.5 | 15.00 | 106.00 | 121.00 | OK | |
r-patched-linux-x86_64 | 0.2.5 | 13.94 | 111.05 | 124.99 | OK | |
r-release-linux-x86_64 | 0.2.5 | 15.68 | 111.30 | 126.98 | OK | |
r-release-macos-arm64 | 0.2.5 | 60.00 | OK | |||
r-release-macos-x86_64 | 0.2.5 | 151.00 | OK | |||
r-release-windows-x86_64 | 0.2.5 | 15.00 | 109.00 | 124.00 | OK | |
r-oldrel-macos-arm64 | 0.2.5 | 51.00 | OK | |||
r-oldrel-macos-x86_64 | 0.2.5 | 115.00 | OK | |||
r-oldrel-windows-x86_64 | 0.2.5 | 20.00 | 139.00 | 159.00 | OK |
Version: 0.2.5
Check: CRAN incoming feasibility
Result: NOTE
Maintainer: ‘Zijian Guo <zijguo@stat.rutgers.edu>’
The Description field contains
variables via TSHT('Guo et al.' (2016) <arXiv:1603.05224>) and
SearchingSampling('Guo' (2021) <arXiv:2104.06911>), which are effective
<arXiv:1609.06713>).
Please refer to arXiv e-prints via their arXiv DOI <doi:10.48550/arXiv.YYMM.NNNNN>.
Flavors: r-devel-linux-x86_64-debian-clang, r-devel-linux-x86_64-debian-gcc
These binaries (installable software) and packages are in development.
They may not be fully stable and should be used with caution. We make no claims about them.