CRAN Package Check Results for Package RockFab

Last updated on 2025-07-18 07:49:44 CEST.

Flavor Version Tinstall Tcheck Ttotal Status Flags
r-devel-linux-x86_64-debian-clang 1.2.1 6.69 54.85 61.54 NOTE
r-devel-linux-x86_64-debian-gcc 1.2.1 4.98 42.96 47.94 NOTE
r-devel-linux-x86_64-fedora-clang 1.2.1 97.47 OK
r-devel-linux-x86_64-fedora-gcc 1.2.1 91.88 OK
r-devel-windows-x86_64 1.2.1 8.00 75.00 83.00 OK
r-patched-linux-x86_64 1.2.1 6.37 52.54 58.91 OK
r-release-linux-x86_64 1.2.1 6.49 51.91 58.40 OK
r-release-macos-arm64 1.2.1 36.00 OK
r-release-macos-x86_64 1.2.1 58.00 OK
r-release-windows-x86_64 1.2.1 10.00 73.00 83.00 OK
r-oldrel-macos-arm64 1.2.1 29.00 OK
r-oldrel-macos-x86_64 1.2.1 42.00 OK
r-oldrel-windows-x86_64 1.2.1 11.00 86.00 97.00 OK

Check Details

Version: 1.2.1
Check: CRAN incoming feasibility
Result: NOTE Maintainer: ‘Jeffrey R. Webber <jwebber@geo.umass.edu>’ No Authors@R field in DESCRIPTION. Please add one, modifying Authors@R: person(given = c("Jeffrey", "R."), family = "Webber", role = c("aut", "cre"), email = "jwebber@geo.umass.edu") as necessary. Flavors: r-devel-linux-x86_64-debian-clang, r-devel-linux-x86_64-debian-gcc

These binaries (installable software) and packages are in development.
They may not be fully stable and should be used with caution. We make no claims about them.