Last updated on 2025-10-23 23:49:43 CEST.
| Flavor | Version | Tinstall | Tcheck | Ttotal | Status | Flags |
|---|---|---|---|---|---|---|
| r-devel-linux-x86_64-debian-clang | 1.2.1 | 7.34 | 57.04 | 64.38 | NOTE | |
| r-devel-linux-x86_64-debian-gcc | 1.2.1 | 5.54 | 41.50 | 47.04 | NOTE | |
| r-devel-linux-x86_64-fedora-clang | 1.2.1 | 49.00 | 57.58 | 106.58 | OK | |
| r-devel-linux-x86_64-fedora-gcc | 1.2.1 | 15.00 | 80.50 | 95.50 | OK | |
| r-devel-windows-x86_64 | 1.2.1 | 9.00 | 75.00 | 84.00 | OK | |
| r-patched-linux-x86_64 | 1.2.1 | 6.50 | 54.21 | 60.71 | OK | |
| r-release-linux-x86_64 | 1.2.1 | 6.48 | 53.45 | 59.93 | OK | |
| r-release-macos-arm64 | 1.2.1 | 4.00 | 32.00 | 36.00 | OK | |
| r-release-macos-x86_64 | 1.2.1 | 7.00 | 51.00 | 58.00 | OK | |
| r-release-windows-x86_64 | 1.2.1 | 10.00 | 74.00 | 84.00 | OK | |
| r-oldrel-macos-arm64 | 1.2.1 | 3.00 | 26.00 | 29.00 | OK | |
| r-oldrel-macos-x86_64 | 1.2.1 | 5.00 | 37.00 | 42.00 | OK | |
| r-oldrel-windows-x86_64 | 1.2.1 | 10.00 | 86.00 | 96.00 | OK |
Version: 1.2.1
Check: CRAN incoming feasibility
Result: NOTE
Maintainer: ‘Jeffrey R. Webber <jwebber@geo.umass.edu>’
No Authors@R field in DESCRIPTION.
Please add one, modifying
Authors@R: person(given = c("Jeffrey", "R."),
family = "Webber",
role = c("aut", "cre"),
email = "jwebber@geo.umass.edu")
as necessary.
Flavors: r-devel-linux-x86_64-debian-clang, r-devel-linux-x86_64-debian-gcc
These binaries (installable software) and packages are in development.
They may not be fully stable and should be used with caution. We make no claims about them.