CRAN Package Check Results for Package RonFHIR

Last updated on 2025-02-23 13:51:23 CET.

Flavor Version Tinstall Tcheck Ttotal Status Flags
r-devel-linux-x86_64-debian-clang 0.4.0 4.29 25.54 29.83 OK
r-devel-linux-x86_64-debian-gcc 0.4.0 4.03 20.12 24.15 OK
r-devel-linux-x86_64-fedora-clang 0.4.0 50.70 OK
r-devel-linux-x86_64-fedora-gcc 0.4.0 48.57 OK
r-devel-macos-arm64 0.4.0 21.00 OK
r-devel-macos-x86_64 0.4.0 34.00 OK
r-devel-windows-x86_64 0.4.0 6.00 47.00 53.00 OK
r-patched-linux-x86_64 0.4.0 5.47 24.40 29.87 NOTE
r-release-linux-x86_64 0.4.0 5.05 24.46 29.51 NOTE
r-release-macos-arm64 0.4.0 18.00 NOTE
r-release-macos-x86_64 0.4.0 28.00 NOTE
r-release-windows-x86_64 0.4.0 7.00 45.00 52.00 NOTE
r-oldrel-macos-arm64 0.4.0 22.00 NOTE
r-oldrel-macos-x86_64 0.4.0 26.00 NOTE
r-oldrel-windows-x86_64 0.4.0 8.00 49.00 57.00 NOTE

Check Details

Version: 0.4.0
Check: LazyData
Result: NOTE 'LazyData' is specified without a 'data' directory Flavors: r-patched-linux-x86_64, r-release-linux-x86_64, r-release-macos-arm64, r-release-macos-x86_64, r-release-windows-x86_64, r-oldrel-macos-arm64, r-oldrel-macos-x86_64, r-oldrel-windows-x86_64

These binaries (installable software) and packages are in development.
They may not be fully stable and should be used with caution. We make no claims about them.