Last updated on 2025-05-01 17:56:14 CEST.
Flavor | Version | Tinstall | Tcheck | Ttotal | Status | Flags |
---|---|---|---|---|---|---|
r-devel-linux-x86_64-debian-clang | 1.2 | 5.36 | 27.84 | 33.20 | NOTE | |
r-devel-linux-x86_64-debian-gcc | 1.2 | 3.81 | 21.71 | 25.52 | NOTE | |
r-devel-linux-x86_64-fedora-clang | 1.2 | 51.29 | OK | |||
r-devel-linux-x86_64-fedora-gcc | 1.2 | 48.92 | OK | |||
r-devel-windows-x86_64 | 1.2 | 7.00 | 54.00 | 61.00 | OK | |
r-patched-linux-x86_64 | 1.2 | 5.35 | 26.57 | 31.92 | OK | |
r-release-linux-x86_64 | OK | |||||
r-release-macos-arm64 | 1.2 | 20.00 | OK | |||
r-release-macos-x86_64 | 1.2 | 35.00 | OK | |||
r-release-windows-x86_64 | 1.2 | 9.00 | 62.00 | 71.00 | OK | |
r-oldrel-macos-arm64 | 1.2 | 19.00 | OK | |||
r-oldrel-macos-x86_64 | 1.2 | 27.00 | OK | |||
r-oldrel-windows-x86_64 | 1.2 | 10.00 | 54.00 | 64.00 | OK |
Version: 1.2
Check: CRAN incoming feasibility
Result: NOTE
Maintainer: ‘Evan Biederstedt <evan.biederstedt@gmail.com>’
No Authors@R field in DESCRIPTION.
Please add one, modifying
Authors@R: c(person(given = "Jeffrey",
family = "Horner",
role = "aut"),
person(given = "Evan",
family = "Biederstedt",
role = c("aut", "cre"),
email = "evan.biederstedt@gmail.com"))
as necessary.
Flavors: r-devel-linux-x86_64-debian-clang, r-devel-linux-x86_64-debian-gcc
These binaries (installable software) and packages are in development.
They may not be fully stable and should be used with caution. We make no claims about them.