CRAN Package Check Results for Package Rook

Last updated on 2025-11-17 15:50:15 CET.

Flavor Version Tinstall Tcheck Ttotal Status Flags
r-devel-linux-x86_64-debian-clang 1.2 5.60 29.61 35.21 NOTE
r-devel-linux-x86_64-debian-gcc 1.2 3.78 24.05 27.83 NOTE
r-devel-linux-x86_64-fedora-clang 1.2 13.00 40.25 53.25 OK
r-devel-linux-x86_64-fedora-gcc 1.2 11.00 38.96 49.96 OK
r-devel-windows-x86_64 1.2 15.00 50.00 65.00 OK
r-patched-linux-x86_64 1.2 5.70 27.86 33.56 OK
r-release-linux-x86_64 1.2 4.84 28.01 32.85 OK
r-release-macos-arm64 1.2 3.00 17.00 20.00 OK
r-release-macos-x86_64 1.2 8.00 27.00 35.00 OK
r-release-windows-x86_64 1.2 8.00 49.00 57.00 OK
r-oldrel-macos-arm64 1.2 3.00 16.00 19.00 OK
r-oldrel-macos-x86_64 1.2 5.00 22.00 27.00 OK
r-oldrel-windows-x86_64 1.2 11.00 57.00 68.00 OK

Additional issues

rchk

Check Details

Version: 1.2
Check: CRAN incoming feasibility
Result: NOTE Maintainer: ‘Evan Biederstedt <evan.biederstedt@gmail.com>’ No Authors@R field in DESCRIPTION. Please add one, modifying Authors@R: c(person(given = "Jeffrey", family = "Horner", role = "aut"), person(given = "Evan", family = "Biederstedt", role = c("aut", "cre"), email = "evan.biederstedt@gmail.com")) as necessary. Flavors: r-devel-linux-x86_64-debian-clang, r-devel-linux-x86_64-debian-gcc

These binaries (installable software) and packages are in development.
They may not be fully stable and should be used with caution. We make no claims about them.