CRAN Package Check Results for Package RoundAndRound

Last updated on 2025-02-16 10:50:57 CET.

Flavor Version Tinstall Tcheck Ttotal Status Flags
r-devel-linux-x86_64-debian-clang 0.0.1 1.96 19.97 21.93 OK
r-devel-linux-x86_64-debian-gcc 0.0.1 1.25 15.75 17.00 OK
r-devel-linux-x86_64-fedora-clang 0.0.1 36.67 NOTE
r-devel-linux-x86_64-fedora-gcc 0.0.1 33.94 NOTE
r-devel-macos-arm64 0.0.1 16.00 OK
r-devel-macos-x86_64 0.0.1 26.00 OK
r-devel-windows-x86_64 0.0.1 4.00 44.00 48.00 OK
r-patched-linux-x86_64 0.0.1 2.20 18.94 21.14 OK
r-release-linux-x86_64 0.0.1 2.06 19.04 21.10 OK
r-release-macos-arm64 0.0.1 16.00 OK
r-release-macos-x86_64 0.0.1 22.00 OK
r-release-windows-x86_64 0.0.1 5.00 49.00 54.00 OK
r-oldrel-macos-arm64 0.0.1 17.00 OK
r-oldrel-macos-x86_64 0.0.1 21.00 OK
r-oldrel-windows-x86_64 0.0.1 5.00 65.00 70.00 OK

Check Details

Version: 0.0.1
Check: dependencies in R code
Result: NOTE Namespace in Imports field not imported from: ‘geometry’ All declared Imports should be used. Flavors: r-devel-linux-x86_64-fedora-clang, r-devel-linux-x86_64-fedora-gcc

These binaries (installable software) and packages are in development.
They may not be fully stable and should be used with caution. We make no claims about them.