CRAN Package Check Results for Package RoundAndRound

Last updated on 2025-07-02 01:51:49 CEST.

Flavor Version Tinstall Tcheck Ttotal Status Flags
r-devel-linux-x86_64-debian-clang 0.0.1 2.00 21.07 23.07 OK
r-devel-linux-x86_64-debian-gcc 0.0.1 1.56 17.78 19.34 OK
r-devel-linux-x86_64-fedora-clang 0.0.1 34.11 NOTE
r-devel-linux-x86_64-fedora-gcc 0.0.1 33.94 NOTE
r-devel-windows-x86_64 0.0.1 4.00 43.00 47.00 OK
r-patched-linux-x86_64 OK
r-release-linux-x86_64 0.0.1 1.79 19.59 21.38 OK
r-release-macos-arm64 0.0.1 17.00 OK
r-release-macos-x86_64 0.0.1 25.00 OK
r-release-windows-x86_64 0.0.1 4.00 43.00 47.00 OK
r-oldrel-macos-arm64 0.0.1 16.00 OK
r-oldrel-macos-x86_64 0.0.1 22.00 OK
r-oldrel-windows-x86_64 0.0.1 4.00 47.00 51.00 OK

Check Details

Version: 0.0.1
Check: dependencies in R code
Result: NOTE Namespace in Imports field not imported from: ‘geometry’ All declared Imports should be used. Flavors: r-devel-linux-x86_64-fedora-clang, r-devel-linux-x86_64-fedora-gcc

These binaries (installable software) and packages are in development.
They may not be fully stable and should be used with caution. We make no claims about them.