Last updated on 2025-10-04 11:50:47 CEST.
Flavor | Version | Tinstall | Tcheck | Ttotal | Status | Flags |
---|---|---|---|---|---|---|
r-devel-linux-x86_64-debian-clang | 0.0.0.3 | 5.47 | 62.30 | 67.77 | NOTE | |
r-devel-linux-x86_64-debian-gcc | 0.0.0.3 | 4.08 | 46.21 | 50.29 | NOTE | |
r-devel-linux-x86_64-fedora-clang | 0.0.0.3 | 113.79 | OK | |||
r-devel-linux-x86_64-fedora-gcc | 0.0.0.3 | 100.23 | OK | |||
r-devel-windows-x86_64 | 0.0.0.3 | 8.00 | 78.00 | 86.00 | OK | |
r-patched-linux-x86_64 | 0.0.0.3 | 5.11 | 58.71 | 63.82 | OK | |
r-release-linux-x86_64 | 0.0.0.3 | 5.24 | 57.87 | 63.11 | OK | |
r-release-macos-arm64 | 0.0.0.3 | 28.00 | OK | |||
r-release-macos-x86_64 | 0.0.0.3 | 48.00 | OK | |||
r-release-windows-x86_64 | 0.0.0.3 | 9.00 | 79.00 | 88.00 | OK | |
r-oldrel-macos-arm64 | 0.0.0.3 | 28.00 | OK | |||
r-oldrel-macos-x86_64 | 0.0.0.3 | 40.00 | OK | |||
r-oldrel-windows-x86_64 | 0.0.0.3 | 9.00 | 93.00 | 102.00 | OK |
Version: 0.0.0.3
Check: CRAN incoming feasibility
Result: NOTE
Maintainer: ‘Marie Delacre <marie.delacre@ulb.ac.be>’
Found the following \keyword or \concept entries
which likely give several index terms:
File ‘Intention.Rd’:
\keyword{Reminder,}
Flavors: r-devel-linux-x86_64-debian-clang, r-devel-linux-x86_64-debian-gcc
These binaries (installable software) and packages are in development.
They may not be fully stable and should be used with caution. We make no claims about them.