Last updated on 2025-05-08 04:52:17 CEST.
Flavor | Version | Tinstall | Tcheck | Ttotal | Status | Flags |
---|---|---|---|---|---|---|
r-devel-linux-x86_64-debian-clang | 0.0.0.3 | 5.51 | 53.68 | 59.19 | NOTE | |
r-devel-linux-x86_64-debian-gcc | 0.0.0.3 | 3.39 | 39.14 | 42.53 | NOTE | |
r-devel-linux-x86_64-fedora-clang | 0.0.0.3 | 81.32 | OK | |||
r-devel-linux-x86_64-fedora-gcc | 0.0.0.3 | 88.42 | OK | |||
r-devel-windows-x86_64 | 0.0.0.3 | 7.00 | 71.00 | 78.00 | OK | |
r-patched-linux-x86_64 | 0.0.0.3 | 4.74 | 49.62 | 54.36 | OK | |
r-release-linux-x86_64 | 0.0.0.3 | 4.79 | 49.91 | 54.70 | OK | |
r-release-macos-arm64 | 0.0.0.3 | 28.00 | OK | |||
r-release-macos-x86_64 | 0.0.0.3 | 48.00 | OK | |||
r-release-windows-x86_64 | 0.0.0.3 | 8.00 | 73.00 | 81.00 | OK | |
r-oldrel-macos-arm64 | 0.0.0.3 | 28.00 | OK | |||
r-oldrel-macos-x86_64 | 0.0.0.3 | 40.00 | OK | |||
r-oldrel-windows-x86_64 | 0.0.0.3 | 9.00 | 82.00 | 91.00 | OK |
Version: 0.0.0.3
Check: CRAN incoming feasibility
Result: NOTE
Maintainer: ‘Marie Delacre <marie.delacre@ulb.ac.be>’
Found the following \keyword or \concept entries
which likely give several index terms:
File ‘Intention.Rd’:
\keyword{Reminder,}
Flavors: r-devel-linux-x86_64-debian-clang, r-devel-linux-x86_64-debian-gcc
These binaries (installable software) and packages are in development.
They may not be fully stable and should be used with caution. We make no claims about them.