Last updated on 2025-05-08 04:52:17 CEST.
Flavor | Version | Tinstall | Tcheck | Ttotal | Status | Flags |
---|---|---|---|---|---|---|
r-devel-linux-x86_64-debian-clang | 0.0.5 | 7.83 | 240.98 | 248.81 | OK | |
r-devel-linux-x86_64-debian-gcc | 0.0.5 | 5.29 | 106.62 | 111.91 | ERROR | |
r-devel-linux-x86_64-fedora-clang | 0.0.5 | 409.20 | OK | |||
r-devel-linux-x86_64-fedora-gcc | 0.0.5 | 448.97 | OK | |||
r-devel-windows-x86_64 | 0.0.5 | 11.00 | 240.00 | 251.00 | OK | |
r-patched-linux-x86_64 | 0.0.5 | 8.24 | 291.49 | 299.73 | OK | |
r-release-linux-x86_64 | 0.0.5 | 7.52 | 292.62 | 300.14 | OK | |
r-release-macos-arm64 | 0.0.5 | 121.00 | OK | |||
r-release-macos-x86_64 | 0.0.5 | 299.00 | OK | |||
r-release-windows-x86_64 | 0.0.5 | 11.00 | 240.00 | 251.00 | OK | |
r-oldrel-macos-arm64 | 0.0.5 | 126.00 | OK | |||
r-oldrel-macos-x86_64 | 0.0.5 | 243.00 | OK | |||
r-oldrel-windows-x86_64 | 0.0.5 | 13.00 | 344.00 | 357.00 | OK |
Version: 0.0.5
Check: re-building of vignette outputs
Result: ERROR
Error(s) in re-building vignettes:
...
--- re-building ‘data-cleaning.Rmd’ using rmarkdown
--- finished re-building ‘data-cleaning.Rmd’
--- re-building ‘padrino-intro.Rmd’ using rmarkdown
Quitting from padrino-intro.Rmd:22-29 [unnamed-chunk-1]
~~~~~~~~~~~~~~~~~~~~~~~~~~~~~~~~~~~~~~~~~~~~~~~~~~~~~~~~~~~~~~~~~~~~~~~~~~~~~~~~
<error/rlang_error>
Error in `open.connection()`:
! cannot open the connection to 'https://raw.githubusercontent.com/padrinoDB/Padrino/main/padrino-database/clean/ContinuousDomains.txt'
---
Backtrace:
▆
1. └─Rpadrino::pdb_download(save = FALSE)
2. └─utils::read.table(...)
3. ├─base::open(file, "rt")
4. └─base::open.connection(file, "rt")
~~~~~~~~~~~~~~~~~~~~~~~~~~~~~~~~~~~~~~~~~~~~~~~~~~~~~~~~~~~~~~~~~~~~~~~~~~~~~~~~
Error: processing vignette 'padrino-intro.Rmd' failed with diagnostics:
cannot open the connection to 'https://raw.githubusercontent.com/padrinoDB/Padrino/main/padrino-database/clean/ContinuousDomains.txt'
--- failed re-building ‘padrino-intro.Rmd’
--- re-building ‘pdb-msgs.Rmd’ using rmarkdown
--- finished re-building ‘pdb-msgs.Rmd’
--- re-building ‘stoch-ipms.rmd’ using rmarkdown
--- finished re-building ‘stoch-ipms.rmd’
SUMMARY: processing the following file failed:
‘padrino-intro.Rmd’
Error: Vignette re-building failed.
Execution halted
Flavor: r-devel-linux-x86_64-debian-gcc
These binaries (installable software) and packages are in development.
They may not be fully stable and should be used with caution. We make no claims about them.