CRAN Package Check Results for Package Rpdb

Last updated on 2025-02-16 10:50:57 CET.

Flavor Version Tinstall Tcheck Ttotal Status Flags
r-devel-linux-x86_64-debian-clang 2.3.4 6.66 54.12 60.78 NOTE
r-devel-linux-x86_64-debian-gcc 2.3.4 4.70 44.80 49.50 NOTE
r-devel-linux-x86_64-fedora-clang 2.3.4 101.84 OK
r-devel-linux-x86_64-fedora-gcc 2.3.4 94.86 OK
r-devel-macos-arm64 2.3.4 33.00 OK
r-devel-macos-x86_64 2.3.4 54.00 OK
r-devel-windows-x86_64 2.3.4 8.00 86.00 94.00 NOTE
r-patched-linux-x86_64 2.3.4 12.26 50.83 63.09 OK
r-release-linux-x86_64 2.3.4 5.46 50.75 56.21 OK
r-release-macos-arm64 2.3.4 32.00 OK
r-release-macos-x86_64 2.3.4 44.00 OK
r-release-windows-x86_64 2.3.4 9.00 86.00 95.00 OK
r-oldrel-macos-arm64 2.3.4 34.00 OK
r-oldrel-macos-x86_64 2.3.4 150.00 OK
r-oldrel-windows-x86_64 2.3.4 10.00 92.00 102.00 OK

Check Details

Version: 2.3.4
Check: Rd cross-references
Result: NOTE Found the following Rd file(s) with Rd \link{} targets missing package anchors: addLabels.Rd: text3d Please provide package anchors for all Rd \link{} targets not in the package itself and the base packages. Flavors: r-devel-linux-x86_64-debian-clang, r-devel-linux-x86_64-debian-gcc, r-devel-windows-x86_64

These binaries (installable software) and packages are in development.
They may not be fully stable and should be used with caution. We make no claims about them.