Last updated on 2025-05-01 12:49:39 CEST.
Flavor | Version | Tinstall | Tcheck | Ttotal | Status | Flags |
---|---|---|---|---|---|---|
r-devel-linux-x86_64-debian-clang | 0.1.3 | 10.19 | 116.02 | 126.21 | NOTE | |
r-devel-linux-x86_64-debian-gcc | 0.1.3 | 8.62 | 79.90 | 88.52 | OK | |
r-devel-linux-x86_64-fedora-clang | 0.1.3 | 188.68 | OK | |||
r-devel-linux-x86_64-fedora-gcc | 0.1.3 | 178.54 | OK | |||
r-devel-windows-x86_64 | 0.1.3 | 11.00 | 107.00 | 118.00 | OK | |
r-patched-linux-x86_64 | 0.1.3 | 12.83 | 105.71 | 118.54 | OK | |
r-release-linux-x86_64 | OK | |||||
r-release-macos-arm64 | 0.1.3 | 76.00 | OK | |||
r-release-macos-x86_64 | 0.1.3 | 108.00 | OK | |||
r-release-windows-x86_64 | 0.1.3 | 12.00 | 122.00 | 134.00 | OK | |
r-oldrel-macos-arm64 | 0.1.3 | 70.00 | OK | |||
r-oldrel-macos-x86_64 | 0.1.3 | 104.00 | OK | |||
r-oldrel-windows-x86_64 | 0.1.3 | 15.00 | 148.00 | 163.00 | OK |
Version: 0.1.3
Check: examples
Result: NOTE
Examples with CPU (user + system) or elapsed time > 5s
user system elapsed
multi_panel_grid 6.131 0.231 8.820
create_waffle_chart 3.730 0.225 5.888
Flavor: r-devel-linux-x86_64-debian-clang
Version: 0.1.3
Check: examples
Result: NA
user system elapsed
multi_panel_grid 3.931 0.197 5.72
OK
Flavor: r-devel-linux-x86_64-debian-gcc
These binaries (installable software) and packages are in development.
They may not be fully stable and should be used with caution. We make no claims about them.