CRAN Package Check Results for Package Rpoet

Last updated on 2025-02-16 10:50:57 CET.

Flavor Version Tinstall Tcheck Ttotal Status Flags
r-devel-linux-x86_64-debian-clang 1.1.0 1.63 21.53 23.16 NOTE
r-devel-linux-x86_64-debian-gcc 1.1.0 1.35 17.83 19.18 NOTE
r-devel-linux-x86_64-fedora-clang 1.1.0 38.93 NOTE
r-devel-linux-x86_64-fedora-gcc 1.1.0 49.30 NOTE
r-devel-macos-arm64 1.1.0 21.00 NOTE
r-devel-macos-x86_64 1.1.0 35.00 NOTE
r-devel-windows-x86_64 1.1.0 4.00 48.00 52.00 NOTE
r-patched-linux-x86_64 1.1.0 1.49 20.48 21.97 NOTE
r-release-linux-x86_64 1.1.0 1.55 20.53 22.08 NOTE
r-release-macos-arm64 1.1.0 20.00 NOTE
r-release-macos-x86_64 1.1.0 31.00 NOTE
r-release-windows-x86_64 1.1.0 3.00 43.00 46.00 NOTE
r-oldrel-macos-arm64 1.1.0 19.00 NOTE
r-oldrel-macos-x86_64 1.1.0 28.00 NOTE
r-oldrel-windows-x86_64 1.1.0 4.00 51.00 55.00 NOTE

Check Details

Version: 1.1.0
Check: Rd files
Result: NOTE checkRd: (-1) get.poetry.Rd:17: Lost braces; missing escapes or markup? 17 | \item{output}{Can be any or a combination of the input terms {'author', 'title', 'lines', 'linecount'}. If NULL, all | ^ Flavors: r-devel-linux-x86_64-debian-clang, r-devel-linux-x86_64-debian-gcc, r-devel-linux-x86_64-fedora-clang, r-devel-linux-x86_64-fedora-gcc, r-devel-macos-arm64, r-devel-macos-x86_64, r-devel-windows-x86_64, r-patched-linux-x86_64, r-release-linux-x86_64, r-release-macos-arm64, r-release-macos-x86_64, r-release-windows-x86_64

Version: 1.1.0
Check: LazyData
Result: NOTE 'LazyData' is specified without a 'data' directory Flavors: r-patched-linux-x86_64, r-release-linux-x86_64, r-release-macos-arm64, r-release-macos-x86_64, r-release-windows-x86_64, r-oldrel-macos-arm64, r-oldrel-macos-x86_64, r-oldrel-windows-x86_64

These binaries (installable software) and packages are in development.
They may not be fully stable and should be used with caution. We make no claims about them.