CRAN Package Check Results for Package Rpoppler

Last updated on 2025-04-15 20:50:24 CEST.

Flavor Version Tinstall Tcheck Ttotal Status Flags
r-devel-linux-x86_64-debian-clang 0.1-3 7.16 19.40 26.56 OK
r-devel-linux-x86_64-debian-gcc 0.1-3 4.67 16.69 21.36 OK
r-devel-linux-x86_64-fedora-clang 0.1-3 42.46 OK
r-devel-linux-x86_64-fedora-gcc 0.1-3 39.89 OK
r-devel-windows-x86_64 0.1-3 45.00 169.00 214.00 OK
r-patched-linux-x86_64 0.1-3 5.40 19.21 24.61 OK
r-release-linux-x86_64 0.1-3 4.99 19.21 24.20 OK
r-release-macos-arm64 0.1-3 21.00 OK
r-release-macos-x86_64 0.1-3 38.00 OK
r-release-windows-x86_64 0.1-3 42.00 171.00 213.00 OK
r-oldrel-macos-arm64 0.1-3 26.00 NOTE
r-oldrel-macos-x86_64 0.1-3 55.00 NOTE
r-oldrel-windows-x86_64 0.1-3 46.00 160.00 206.00 NOTE

Check Details

Version: 0.1-3
Check: installed package size
Result: NOTE installed size is 49.3Mb sub-directories of 1Mb or more: libs 49.2Mb Flavors: r-oldrel-macos-arm64, r-oldrel-macos-x86_64, r-oldrel-windows-x86_64

These binaries (installable software) and packages are in development.
They may not be fully stable and should be used with caution. We make no claims about them.