Last updated on 2025-02-16 10:50:57 CET.
Flavor | Version | Tinstall | Tcheck | Ttotal | Status | Flags |
---|---|---|---|---|---|---|
r-devel-linux-x86_64-debian-clang | 1.1.4 | 84.81 | 405.08 | 489.89 | OK | |
r-devel-linux-x86_64-debian-gcc | 1.1.4 | 55.48 | 266.92 | 322.40 | OK | |
r-devel-linux-x86_64-fedora-clang | 1.1.4 | 878.04 | OK | |||
r-devel-linux-x86_64-fedora-gcc | 1.1.4 | 817.75 | OK | |||
r-devel-macos-arm64 | 1.1.4 | 209.00 | OK | |||
r-devel-macos-x86_64 | 1.1.4 | 383.00 | OK | |||
r-devel-windows-x86_64 | 1.1.4 | 74.00 | 383.00 | 457.00 | OK | |
r-patched-linux-x86_64 | 1.1.4 | 77.09 | 361.49 | 438.58 | OK | |
r-release-linux-x86_64 | 1.1.4 | 73.21 | 364.93 | 438.14 | OK | |
r-release-macos-arm64 | 1.1.4 | 193.00 | NOTE | |||
r-release-macos-x86_64 | 1.1.4 | 272.00 | NOTE | |||
r-release-windows-x86_64 | 1.1.4 | 78.00 | 375.00 | 453.00 | OK | |
r-oldrel-macos-arm64 | 1.1.4 | 201.00 | NOTE | |||
r-oldrel-macos-x86_64 | 1.1.4 | 493.00 | NOTE | |||
r-oldrel-windows-x86_64 | 1.1.4 | 104.00 | 498.00 | 602.00 | OK |
Version: 1.1.4
Check: installed package size
Result: NOTE
installed size is 7.7Mb
sub-directories of 1Mb or more:
doc 1.4Mb
libs 5.7Mb
Flavors: r-release-macos-arm64, r-release-macos-x86_64, r-oldrel-macos-arm64, r-oldrel-macos-x86_64
These binaries (installable software) and packages are in development.
They may not be fully stable and should be used with caution. We make no claims about them.