Last updated on 2025-05-01 08:52:45 CEST.
Flavor | Version | Tinstall | Tcheck | Ttotal | Status | Flags |
---|---|---|---|---|---|---|
r-devel-linux-x86_64-debian-clang | 1.1.4 | 85.41 | 412.55 | 497.96 | NOTE | |
r-devel-linux-x86_64-debian-gcc | 1.1.4 | 54.79 | 274.61 | 329.40 | OK | |
r-devel-linux-x86_64-fedora-clang | 1.1.4 | 851.54 | OK | |||
r-devel-linux-x86_64-fedora-gcc | 1.1.4 | 842.39 | OK | |||
r-devel-windows-x86_64 | 1.1.4 | 86.00 | 384.00 | 470.00 | OK | |
r-patched-linux-x86_64 | 1.1.4 | 76.87 | 378.67 | 455.54 | OK | |
r-release-linux-x86_64 | OK | |||||
r-release-macos-arm64 | 1.1.4 | 202.00 | OK | |||
r-release-macos-x86_64 | 1.1.4 | 383.00 | OK | |||
r-release-windows-x86_64 | 1.1.4 | 87.00 | 400.00 | 487.00 | OK | |
r-oldrel-macos-arm64 | 1.1.4 | 193.00 | NOTE | |||
r-oldrel-macos-x86_64 | 1.1.4 | 272.00 | NOTE | |||
r-oldrel-windows-x86_64 | 1.1.4 | 105.00 | 533.00 | 638.00 | OK |
Version: 1.1.4
Check: examples
Result: NOTE
Examples with CPU (user + system) or elapsed time > 5s
user system elapsed
fit_model 4.145 0.308 5.294
Flavor: r-devel-linux-x86_64-debian-clang
Version: 1.1.4
Check: installed package size
Result: NOTE
installed size is 7.7Mb
sub-directories of 1Mb or more:
doc 1.4Mb
libs 5.7Mb
Flavors: r-oldrel-macos-arm64, r-oldrel-macos-x86_64
These binaries (installable software) and packages are in development.
They may not be fully stable and should be used with caution. We make no claims about them.