Last updated on 2025-10-25 05:50:15 CEST.
| Flavor | Version | Tinstall | Tcheck | Ttotal | Status | Flags |
|---|---|---|---|---|---|---|
| r-devel-linux-x86_64-debian-clang | 1.2.0 | 94.55 | 626.40 | 720.95 | OK | |
| r-devel-linux-x86_64-debian-gcc | 1.2.0 | 71.59 | 371.29 | 442.88 | OK | |
| r-devel-linux-x86_64-fedora-clang | 1.2.0 | 180.00 | 1010.75 | 1190.75 | OK | |
| r-devel-linux-x86_64-fedora-gcc | 1.2.0 | 129.00 | 1054.21 | 1183.21 | OK | |
| r-devel-windows-x86_64 | 1.2.0 | 106.00 | 513.00 | 619.00 | OK | |
| r-patched-linux-x86_64 | 1.2.0 | 92.86 | 571.34 | 664.20 | OK | |
| r-release-linux-x86_64 | 1.2.0 | 95.21 | 574.60 | 669.81 | OK | |
| r-release-macos-arm64 | 1.2.0 | 39.00 | 200.00 | 239.00 | OK | |
| r-release-macos-x86_64 | 1.2.0 | 52.00 | 544.00 | 596.00 | OK | |
| r-release-windows-x86_64 | 1.2.0 | 99.00 | 507.00 | 606.00 | OK | |
| r-oldrel-macos-arm64 | 1.2.0 | 34.00 | 193.00 | 227.00 | NOTE | |
| r-oldrel-macos-x86_64 | 1.2.0 | 44.00 | 249.00 | 293.00 | NOTE | |
| r-oldrel-windows-x86_64 | 1.2.0 | 125.00 | 685.00 | 810.00 | OK |
Version: 1.2.0
Check: installed package size
Result: NOTE
installed size is 12.6Mb
sub-directories of 1Mb or more:
libs 11.3Mb
Flavors: r-oldrel-macos-arm64, r-oldrel-macos-x86_64
These binaries (installable software) and packages are in development.
They may not be fully stable and should be used with caution. We make no claims about them.