Last updated on 2025-05-01 08:52:45 CEST.
Flavor | Version | Tinstall | Tcheck | Ttotal | Status | Flags |
---|---|---|---|---|---|---|
r-devel-linux-x86_64-debian-clang | 1.2-4 | 25.75 | 44.79 | 70.54 | NOTE | |
r-devel-linux-x86_64-debian-gcc | 1.2-4 | 19.79 | 32.72 | 52.51 | OK | |
r-devel-linux-x86_64-fedora-clang | 1.2-4 | 115.35 | OK | |||
r-devel-linux-x86_64-fedora-gcc | 1.2-4 | 117.02 | OK | |||
r-devel-windows-x86_64 | 1.2-4 | 30.00 | 88.00 | 118.00 | OK | |
r-patched-linux-x86_64 | 1.2-4 | 27.57 | 43.64 | 71.21 | OK | |
r-release-linux-x86_64 | OK | |||||
r-release-macos-arm64 | 1.2-4 | 35.00 | OK | |||
r-release-macos-x86_64 | 1.2-4 | 86.00 | OK | |||
r-release-windows-x86_64 | 1.2-4 | 30.00 | 95.00 | 125.00 | OK | |
r-oldrel-macos-arm64 | 1.2-4 | 37.00 | OK | |||
r-oldrel-macos-x86_64 | 1.2-4 | 90.00 | OK | |||
r-oldrel-windows-x86_64 | 1.2-4 | 28.00 | 97.00 | 125.00 | OK |
Version: 1.2-4
Check: examples
Result: NOTE
Examples with CPU (user + system) or elapsed time > 5s
user system elapsed
predict 7.354 0.085 8.627
Flavor: r-devel-linux-x86_64-debian-clang
Version: 1.2-4
Check: examples
Result: NA
user system elapsed
predict 4.267 0.075 5.307
OK
Flavor: r-devel-linux-x86_64-debian-gcc
These binaries (installable software) and packages are in development.
They may not be fully stable and should be used with caution. We make no claims about them.