CRAN Package Check Results for Package Rraven

Last updated on 2025-02-16 10:50:57 CET.

Flavor Version Tinstall Tcheck Ttotal Status Flags
r-devel-linux-x86_64-debian-clang 1.0.14 3.90 39.37 43.27 OK
r-devel-linux-x86_64-debian-gcc 1.0.14 2.50 29.90 32.40 OK
r-devel-linux-x86_64-fedora-clang 1.0.14 72.52 OK
r-devel-linux-x86_64-fedora-gcc 1.0.14 78.34 OK
r-devel-macos-arm64 1.0.14 38.00 OK
r-devel-macos-x86_64 1.0.14 61.00 OK
r-devel-windows-x86_64 1.0.14 6.00 63.00 69.00 OK
r-patched-linux-x86_64 1.0.14 3.18 37.32 40.50 OK
r-release-linux-x86_64 1.0.14 3.52 36.98 40.50 OK
r-release-macos-arm64 1.0.14 44.00 NOTE
r-release-macos-x86_64 1.0.14 70.00 NOTE
r-release-windows-x86_64 1.0.14 6.00 65.00 71.00 NOTE
r-oldrel-macos-arm64 1.0.14 44.00 NOTE
r-oldrel-macos-x86_64 1.0.14 76.00 NOTE
r-oldrel-windows-x86_64 1.0.14 7.00 68.00 75.00 NOTE

Check Details

Version: 1.0.14
Check: installed package size
Result: NOTE installed size is 5.5Mb sub-directories of 1Mb or more: doc 5.3Mb Flavors: r-release-macos-arm64, r-release-macos-x86_64, r-release-windows-x86_64, r-oldrel-macos-arm64, r-oldrel-macos-x86_64, r-oldrel-windows-x86_64

These binaries (installable software) and packages are in development.
They may not be fully stable and should be used with caution. We make no claims about them.