Last updated on 2025-11-11 17:50:12 CET.
| Flavor | Version | Tinstall | Tcheck | Ttotal | Status | Flags |
|---|---|---|---|---|---|---|
| r-devel-linux-x86_64-debian-clang | 1.0.16 | 2.79 | 41.91 | 44.70 | OK | |
| r-devel-linux-x86_64-debian-gcc | 1.0.16 | 2.09 | 33.84 | 35.93 | OK | |
| r-devel-linux-x86_64-fedora-clang | 1.0.16 | 68.26 | OK | |||
| r-devel-linux-x86_64-fedora-gcc | 1.0.16 | 79.09 | OK | |||
| r-devel-windows-x86_64 | 1.0.16 | 6.00 | 63.00 | 69.00 | OK | |
| r-patched-linux-x86_64 | 1.0.16 | 2.99 | 39.45 | 42.44 | OK | |
| r-release-linux-x86_64 | 1.0.16 | 3.12 | 38.86 | 41.98 | OK | |
| r-release-macos-arm64 | 1.0.16 | 1.00 | 32.00 | 33.00 | OK | |
| r-release-macos-x86_64 | 1.0.16 | 6.00 | 113.00 | 119.00 | OK | |
| r-release-windows-x86_64 | 1.0.16 | 7.00 | 63.00 | 70.00 | OK | |
| r-oldrel-macos-arm64 | 1.0.16 | 2.00 | 37.00 | 39.00 | NOTE | |
| r-oldrel-macos-x86_64 | 1.0.16 | 5.00 | 115.00 | 120.00 | NOTE | |
| r-oldrel-windows-x86_64 | 1.0.16 | 7.00 | 74.00 | 81.00 | NOTE |
Version: 1.0.16
Check: installed package size
Result: NOTE
installed size is 5.5Mb
sub-directories of 1Mb or more:
doc 5.3Mb
Flavors: r-oldrel-macos-arm64, r-oldrel-macos-x86_64, r-oldrel-windows-x86_64
These binaries (installable software) and packages are in development.
They may not be fully stable and should be used with caution. We make no claims about them.