Last updated on 2025-10-23 21:51:39 CEST.
Flavor | Version | Tinstall | Tcheck | Ttotal | Status | Flags |
---|---|---|---|---|---|---|
r-devel-linux-x86_64-debian-clang | 0.4.3 | 2.27 | 48.40 | 50.67 | NOTE | |
r-devel-linux-x86_64-debian-gcc | 0.4.3 | 2.30 | 33.92 | 36.22 | OK | |
r-devel-linux-x86_64-fedora-clang | 0.4.3 | 21.00 | 62.52 | 83.52 | OK | |
r-devel-linux-x86_64-fedora-gcc | 0.4.3 | 73.92 | OK | |||
r-devel-windows-x86_64 | 0.4.3 | 6.00 | 65.00 | 71.00 | OK | |
r-patched-linux-x86_64 | 0.4.3 | 3.41 | 43.84 | 47.25 | OK | |
r-release-linux-x86_64 | 0.4.3 | 2.56 | 43.77 | 46.33 | OK | |
r-release-macos-arm64 | 0.4.3 | 2.00 | 25.00 | 27.00 | OK | |
r-release-macos-x86_64 | 0.4.3 | 3.00 | 44.00 | 47.00 | OK | |
r-release-windows-x86_64 | 0.4.3 | 5.00 | 68.00 | 73.00 | OK | |
r-oldrel-macos-arm64 | 0.4.3 | 2.00 | 23.00 | 25.00 | OK | |
r-oldrel-macos-x86_64 | 0.4.3 | 3.00 | 46.00 | 49.00 | OK | |
r-oldrel-windows-x86_64 | 0.4.3 | 7.00 | 81.00 | 88.00 | OK |
Version: 0.4.3
Check: HTML version of manual
Result: NOTE
Found the following HTML validation problems:
check_output_format.html:62:1 (check_output_format.Rd:18): Warning: missing </ul> before </div>
Flavor: r-devel-linux-x86_64-debian-clang
These binaries (installable software) and packages are in development.
They may not be fully stable and should be used with caution. We make no claims about them.