CRAN Package Check Results for Package Rsampling

Last updated on 2025-07-19 21:49:47 CEST.

Flavor Version Tinstall Tcheck Ttotal Status Flags
r-devel-linux-x86_64-debian-clang 0.1.1 1.93 78.05 79.98 NOTE
r-devel-linux-x86_64-debian-gcc 0.1.1 1.49 56.75 58.24 NOTE
r-devel-linux-x86_64-fedora-clang 0.1.1 126.30 OK
r-devel-linux-x86_64-fedora-gcc 0.1.1 136.12 OK
r-devel-windows-x86_64 0.1.1 3.00 86.00 89.00 OK
r-patched-linux-x86_64 0.1.1 2.13 74.38 76.51 OK
r-release-linux-x86_64 0.1.1 1.83 75.52 77.35 OK
r-release-macos-arm64 0.1.1 48.00 OK
r-release-macos-x86_64 0.1.1 91.00 OK
r-release-windows-x86_64 0.1.1 3.00 86.00 89.00 OK
r-oldrel-macos-arm64 0.1.1 40.00 OK
r-oldrel-macos-x86_64 0.1.1 102.00 OK
r-oldrel-windows-x86_64 0.1.1 4.00 110.00 114.00 OK

Check Details

Version: 0.1.1
Check: CRAN incoming feasibility
Result: NOTE Maintainer: ‘Paulo Prado <prado@ib.usp.br>’ The Description field contains Resampling Stats (http://www.resample.com) is an add-in for running Please enclose URLs in angle brackets (<...>). Flavors: r-devel-linux-x86_64-debian-clang, r-devel-linux-x86_64-debian-gcc

These binaries (installable software) and packages are in development.
They may not be fully stable and should be used with caution. We make no claims about them.