Last updated on 2025-05-29 01:49:43 CEST.
Flavor | Version | Tinstall | Tcheck | Ttotal | Status | Flags |
---|---|---|---|---|---|---|
r-devel-linux-x86_64-debian-clang | 0.1.1 | 2.07 | 79.64 | 81.71 | NOTE | |
r-devel-linux-x86_64-debian-gcc | 0.1.1 | 1.52 | 54.84 | 56.36 | NOTE | |
r-devel-linux-x86_64-fedora-clang | 0.1.1 | 126.68 | OK | |||
r-devel-linux-x86_64-fedora-gcc | 0.1.1 | 125.43 | OK | |||
r-devel-windows-x86_64 | 0.1.1 | 4.00 | 87.00 | 91.00 | OK | |
r-patched-linux-x86_64 | 0.1.1 | 2.21 | 75.00 | 77.21 | OK | |
r-release-linux-x86_64 | 0.1.1 | 1.78 | 73.85 | 75.63 | OK | |
r-release-macos-arm64 | 0.1.1 | 48.00 | OK | |||
r-release-macos-x86_64 | 0.1.1 | 91.00 | OK | |||
r-release-windows-x86_64 | 0.1.1 | 3.00 | 88.00 | 91.00 | OK | |
r-oldrel-macos-arm64 | 0.1.1 | 40.00 | OK | |||
r-oldrel-macos-x86_64 | 0.1.1 | 102.00 | OK | |||
r-oldrel-windows-x86_64 | 0.1.1 | 4.00 | 109.00 | 113.00 | OK |
Version: 0.1.1
Check: CRAN incoming feasibility
Result: NOTE
Maintainer: ‘Paulo Prado <prado@ib.usp.br>’
The Description field contains
Resampling Stats (http://www.resample.com) is an add-in for running
Please enclose URLs in angle brackets (<...>).
Flavors: r-devel-linux-x86_64-debian-clang, r-devel-linux-x86_64-debian-gcc
These binaries (installable software) and packages are in development.
They may not be fully stable and should be used with caution. We make no claims about them.