CRAN Package Check Results for Package Rsconctdply

Last updated on 2025-05-01 21:53:16 CEST.

Flavor Version Tinstall Tcheck Ttotal Status Flags
r-devel-linux-x86_64-debian-clang 0.1.3 1.26 16.59 17.85 NOTE
r-devel-linux-x86_64-debian-gcc 0.1.3 1.40 13.87 15.27 NOTE
r-devel-linux-x86_64-fedora-clang 0.1.3 28.15 NOTE
r-devel-linux-x86_64-fedora-gcc 0.1.3 26.99 NOTE
r-devel-windows-x86_64 0.1.3 3.00 37.00 40.00 OK
r-patched-linux-x86_64 0.1.3 1.75 15.74 17.49 OK
r-release-linux-x86_64 OK
r-release-macos-arm64 0.1.3 13.00 OK
r-release-macos-x86_64 0.1.3 22.00 OK
r-release-windows-x86_64 0.1.3 3.00 38.00 41.00 OK
r-oldrel-macos-arm64 0.1.3 13.00 NOTE
r-oldrel-macos-x86_64 0.1.3 20.00 NOTE
r-oldrel-windows-x86_64 0.1.3 3.00 38.00 41.00 NOTE

Check Details

Version: 0.1.3
Check: CRAN incoming feasibility
Result: NOTE Maintainer: ‘Sai Chimata <schimata@yotabitesllc.com>’ No Authors@R field in DESCRIPTION. Please add one, modifying Authors@R: person(given = "Sai", family = "Chimata", role = c("aut", "cre"), email = "schimata@yotabitesllc.com") as necessary. Flavors: r-devel-linux-x86_64-debian-clang, r-devel-linux-x86_64-debian-gcc

Version: 0.1.3
Check: dependencies in R code
Result: NOTE Namespace in Imports field not imported from: ‘dplyr’ All declared Imports should be used. Flavors: r-devel-linux-x86_64-fedora-clang, r-devel-linux-x86_64-fedora-gcc

Version: 0.1.3
Check: LazyData
Result: NOTE 'LazyData' is specified without a 'data' directory Flavors: r-oldrel-macos-arm64, r-oldrel-macos-x86_64, r-oldrel-windows-x86_64

These binaries (installable software) and packages are in development.
They may not be fully stable and should be used with caution. We make no claims about them.