Last updated on 2025-05-07 15:49:29 CEST.
Flavor | Version | Tinstall | Tcheck | Ttotal | Status | Flags |
---|---|---|---|---|---|---|
r-devel-linux-x86_64-debian-clang | 1.0.0 | 5.82 | 45.98 | 51.80 | NOTE | |
r-devel-linux-x86_64-debian-gcc | 1.0.0 | 3.69 | 32.12 | 35.81 | NOTE | |
r-devel-linux-x86_64-fedora-clang | 1.0.0 | 70.08 | NOTE | |||
r-devel-linux-x86_64-fedora-gcc | 1.0.0 | 73.99 | NOTE | |||
r-devel-windows-x86_64 | 1.0.0 | 7.00 | 58.00 | 65.00 | OK | |
r-patched-linux-x86_64 | 1.0.0 | 5.03 | 41.21 | 46.24 | OK | |
r-release-linux-x86_64 | 1.0.0 | 4.95 | 41.16 | 46.11 | OK | |
r-release-macos-arm64 | 1.0.0 | 21.00 | OK | |||
r-release-macos-x86_64 | 1.0.0 | 43.00 | OK | |||
r-release-windows-x86_64 | 1.0.0 | 7.00 | 57.00 | 64.00 | OK | |
r-oldrel-macos-arm64 | 1.0.0 | 23.00 | OK | |||
r-oldrel-macos-x86_64 | 1.0.0 | 37.00 | OK | |||
r-oldrel-windows-x86_64 | 1.0.0 | 9.00 | 69.00 | 78.00 | OK |
Version: 1.0.0
Check: CRAN incoming feasibility
Result: NOTE
Maintainer: ‘Brad Cable <brad@bcable.net>’
No Authors@R field in DESCRIPTION.
Please add one, modifying
Authors@R: person(given = "Brad",
family = "Cable",
role = c("aut", "cre"),
email = "brad@bcable.net")
as necessary.
Flavors: r-devel-linux-x86_64-debian-clang, r-devel-linux-x86_64-debian-gcc
Version: 1.0.0
Check: dependencies in R code
Result: NOTE
Namespace in Imports field not imported from: ‘utils’
All declared Imports should be used.
Flavors: r-devel-linux-x86_64-fedora-clang, r-devel-linux-x86_64-fedora-gcc
These binaries (installable software) and packages are in development.
They may not be fully stable and should be used with caution. We make no claims about them.