CRAN Package Check Results for Package Rsgf

Last updated on 2025-02-16 10:50:57 CET.

Flavor Version Tinstall Tcheck Ttotal Status Flags
r-devel-linux-x86_64-debian-clang 1.0.0 4.97 39.31 44.28 OK
r-devel-linux-x86_64-debian-gcc 1.0.0 3.30 29.38 32.68 OK
r-devel-linux-x86_64-fedora-clang 1.0.0 72.58 NOTE
r-devel-linux-x86_64-fedora-gcc 1.0.0 66.59 NOTE
r-devel-macos-arm64 1.0.0 22.00 OK
r-devel-macos-x86_64 1.0.0 44.00 OK
r-devel-windows-x86_64 1.0.0 6.00 56.00 62.00 OK
r-patched-linux-x86_64 1.0.0 4.80 36.48 41.28 OK
r-release-linux-x86_64 1.0.0 4.48 36.46 40.94 OK
r-release-macos-arm64 1.0.0 23.00 OK
r-release-macos-x86_64 1.0.0 37.00 OK
r-release-windows-x86_64 1.0.0 6.00 55.00 61.00 OK
r-oldrel-macos-arm64 1.0.0 24.00 OK
r-oldrel-macos-x86_64 1.0.0 37.00 OK
r-oldrel-windows-x86_64 1.0.0 8.00 63.00 71.00 OK

Check Details

Version: 1.0.0
Check: dependencies in R code
Result: NOTE Namespace in Imports field not imported from: ‘utils’ All declared Imports should be used. Flavors: r-devel-linux-x86_64-fedora-clang, r-devel-linux-x86_64-fedora-gcc

These binaries (installable software) and packages are in development.
They may not be fully stable and should be used with caution. We make no claims about them.